{"id":12361,"date":"2012-12-11T21:53:15","date_gmt":"2012-12-12T00:53:15","guid":{"rendered":"http:\/\/www.maroon5br.com\/?page_id=12361"},"modified":"2025-10-21T09:44:36","modified_gmt":"2025-10-21T12:44:36","slug":"equipe","status":"publish","type":"page","link":"https:\/\/www.maroon5br.com\/site\/site\/equipe\/","title":{"rendered":"Sobre"},"content":{"rendered":"\n<p>Criado em agosto de 2007, o Maroon 5 Brasil nasceu antes da era das redes sociais \u2014 quando ser f\u00e3 significava procurar not\u00edcias em blogs e compartilhar paix\u00e3o em f\u00f3runs e comunidades. O projeto come\u00e7ou como um simples blog feito por f\u00e3s e, com o tempo, se expandiu at\u00e9 se tornar a principal fonte de informa\u00e7\u00e3o, registro e celebra\u00e7\u00e3o do Maroon 5 no Brasil.<\/p>\n\n\n\n<p>Desde os primeiros shows da banda no pa\u00eds, ainda na turn\u00ea It Won\u2019t Be Soon Before Long, o Maroon 5 Brasil acompanhou de perto cada momento que fortaleceu o la\u00e7o entre o grupo e o p\u00fablico brasileiro. Em 2016, durante a turn\u00ea do \u00e1lbum V, o site cobriu apresenta\u00e7\u00f5es em seis cidades \u2014 de Porto Alegre ao Rio de Janeiro \u2014 que reuniram multid\u00f5es apaixonadas.<\/p>\n\n\n\n<p>Em 2020, o f\u00e3-site tamb\u00e9m acompanhou os preparativos para a nova turn\u00ea mundial, que inclu\u00eda o Brasil no roteiro antes de ser adiada pela pandemia, mantendo viva a empolga\u00e7\u00e3o e o engajamento dos f\u00e3s mesmo \u00e0 dist\u00e2ncia.<\/p>\n\n\n\n<p>Do retorno aos palcos em 2022, com shows esgotados no Allianz Parque e em Porto Alegre, \u00e0 apresenta\u00e7\u00e3o hist\u00f3rica de 2023 na Arena MRV, em Belo Horizonte \u2014 o primeiro show internacional do est\u00e1dio \u2014, o Maroon 5 Brasil segue lado a lado com a banda, cobrindo cada era e cada emo\u00e7\u00e3o.<\/p>\n\n\n\n<p>H\u00e1 mais de 17 anos no ar, o Maroon 5 Brasil \u00e9 muito mais do que um f\u00e3-site: \u00e9 uma comunidade constru\u00edda por f\u00e3s e para f\u00e3s, que documenta, celebra e compartilha a hist\u00f3ria de uma das bandas mais queridas do mundo. Um espa\u00e7o que conecta gera\u00e7\u00f5es e mant\u00e9m viva a rela\u00e7\u00e3o de carinho e energia entre o Maroon 5 e o p\u00fablico brasileiro.<\/p>\n\n\n\n<p>Criado por f\u00e3s, movido por amor, reconhecido pela pr\u00f3pria banda.<\/p>\n\n\n\n<div style=\"height:50px\" aria-hidden=\"true\" class=\"wp-block-spacer\"><\/div>\n\n\n\n<h2 class=\"wp-block-heading\">Equipe<\/h2>\n\n\n\n<div class=\"wp-block-columns is-layout-flex wp-container-core-columns-is-layout-9d6595d7 wp-block-columns-is-layout-flex\">\n<div class=\"wp-block-column ticss-d1a0090a is-layout-flow wp-block-column-is-layout-flow\">\n<figure class=\"wp-block-image alignwide size-large is-style-rounded\"><img decoding=\"async\" src=\"https:\/\/www.maroon5br.com\/site\/wp-content\/uploads\/2018\/09\/Equipe-Renato.jpg\" alt=\"\"\/><\/figure>\n\n\n\n<p><strong>Renato Bodeman<\/strong><br><em>Fundador e editor-chefe<\/em><\/p>\n\n\n\n<p>Recifense morando no Texas, \u00e9 designer e n\u00e3o vive sem m\u00fasica. F\u00e3 do Maroon 5 desde 2004, fundou o Maroon 5 Brasil e surtou quando encontrou a banda pessoalmente.<\/p>\n<\/div>\n\n\n\n<div class=\"wp-block-column ticss-d1a0090a is-layout-flow wp-block-column-is-layout-flow\">\n<figure class=\"wp-block-image alignwide size-large is-style-rounded\"><img decoding=\"async\" src=\"https:\/\/www.maroon5br.com\/site\/wp-content\/uploads\/2018\/09\/Equipe-Ana.jpg\" alt=\"\"\/><\/figure>\n\n\n\n<p><strong>Ana Luna<\/strong><br><em>Editora e esposa do James Valentine<\/em><\/p>\n\n\n\n<p>Paulistana, designer e adora viajar! Conheceu o som da banda numa aula de ingl\u00eas em 2005. Tem a m\u00fasica como seu combust\u00edvel e pediu James Valentine em casamento (e ele aceitou!).<\/p>\n<\/div>\n<\/div>\n","protected":false},"excerpt":{"rendered":"<p>Criado em agosto de 2007, o Maroon 5 Brasil nasceu antes da era das redes sociais \u2014 quando ser f\u00e3 significava procurar not\u00edcias em blogs e compartilhar paix\u00e3o em f\u00f3runs e comunidades. O projeto come\u00e7ou como um simples blog feito por f\u00e3s e, com o tempo, se expandiu at\u00e9 se tornar a principal fonte de [&hellip;]<\/p>\n","protected":false},"author":1,"featured_media":14600,"parent":4604,"menu_order":0,"comment_status":"open","ping_status":"open","template":"","meta":{"_themeisle_gutenberg_block_has_review":false,"footnotes":""},"class_list":["post-12361","page","type-page","status-publish","has-post-thumbnail","hentry"],"_links":{"self":[{"href":"https:\/\/www.maroon5br.com\/site\/wp-json\/wp\/v2\/pages\/12361","targetHints":{"allow":["GET"]}}],"collection":[{"href":"https:\/\/www.maroon5br.com\/site\/wp-json\/wp\/v2\/pages"}],"about":[{"href":"https:\/\/www.maroon5br.com\/site\/wp-json\/wp\/v2\/types\/page"}],"author":[{"embeddable":true,"href":"https:\/\/www.maroon5br.com\/site\/wp-json\/wp\/v2\/users\/1"}],"replies":[{"embeddable":true,"href":"https:\/\/www.maroon5br.com\/site\/wp-json\/wp\/v2\/comments?post=12361"}],"version-history":[{"count":59,"href":"https:\/\/www.maroon5br.com\/site\/wp-json\/wp\/v2\/pages\/12361\/revisions"}],"predecessor-version":[{"id":30561,"href":"https:\/\/www.maroon5br.com\/site\/wp-json\/wp\/v2\/pages\/12361\/revisions\/30561"}],"up":[{"embeddable":true,"href":"https:\/\/www.maroon5br.com\/site\/wp-json\/wp\/v2\/pages\/4604"}],"wp:featuredmedia":[{"embeddable":true,"href":"https:\/\/www.maroon5br.com\/site\/wp-json\/wp\/v2\/media\/14600"}],"wp:attachment":[{"href":"https:\/\/www.maroon5br.com\/site\/wp-json\/wp\/v2\/media?parent=12361"}],"curies":[{"name":"wp","href":"https:\/\/api.w.org\/{rel}","templated":true}]}}