{"id":13735,"date":"2013-04-02T00:17:46","date_gmt":"2013-04-02T03:17:46","guid":{"rendered":"http:\/\/www.maroon5br.com\/?page_id=13735"},"modified":"2017-06-15T19:17:43","modified_gmt":"2017-06-15T22:17:43","slug":"honda-civic-tour-2013","status":"publish","type":"page","link":"https:\/\/www.maroon5br.com\/site\/maroon5\/turnes\/honda-civic-tour-2013\/","title":{"rendered":"Honda Civic Tour 2013"},"content":{"rendered":"<p>Com ingressos esgotados em todos os shows da turn\u00ea Overexposed nos Estados Unidos, o Maroon 5 decidiu dar uma nova chance aos f\u00e3s e anunciou uma nova turn\u00ea de ver\u00e3o em parceria com a cantora pop Kelly Clarkson, como parte da Honda Civic Tour 2013.<\/p>\n<p>Come\u00e7ando no dia <strong>1\u00ba de Agosto de 2013<\/strong>, a nova leva de shows tamb\u00e9m contou com a participa\u00e7\u00e3o de <strong>PJ Morton<\/strong>, <strong>Rozzi Crane<\/strong> e <strong>Tonny Lucca<\/strong> como n\u00fameros de abertura.<\/p>\n<h3>Poster<\/h3>\n<p style=\"text-align: center;\"><img loading=\"lazy\" decoding=\"async\" class=\"alignnone size-full wp-image-16849\" src=\"https:\/\/www.maroon5br.com\/site\/wp-content\/uploads\/2012\/05\/hct2013-poster.png\" alt=\"hct2013-poster\" width=\"450\" height=\"598\" data-id=\"16849\" srcset=\"https:\/\/www.maroon5br.com\/site\/wp-content\/uploads\/2012\/05\/hct2013-poster.png 450w, https:\/\/www.maroon5br.com\/site\/wp-content\/uploads\/2012\/05\/hct2013-poster-113x150.png 113w, https:\/\/www.maroon5br.com\/site\/wp-content\/uploads\/2012\/05\/hct2013-poster-226x300.png 226w, https:\/\/www.maroon5br.com\/site\/wp-content\/uploads\/2012\/05\/hct2013-poster-286x380.png 286w\" sizes=\"auto, (max-width: 450px) 100vw, 450px\" \/><\/p>\n<h3>Honda Civic<\/h3>\n<p>Como \u00e9 tradi\u00e7\u00e3o entre os headliners da Honda Civic Tour, o Maroon 5 customizou novamente um autom\u00f3vel Honda Civic, que posteriormente foi sorteado entre os f\u00e3s que compraram ingressos para a turn\u00ea. Al\u00e9m disso, os lugares por onde a banda se apresentava contaram com postos de recebimento de celulares sem uso para o correto descarte. Aqueles que levavam seus aparelhos a esses postos, concorreram a uma moto personalizada.<\/p>\n\n\t\t<style type=\"text\/css\">\n\t\t\t#gallery-1 {\n\t\t\t\tmargin: auto;\n\t\t\t}\n\t\t\t#gallery-1 .gallery-item {\n\t\t\t\tfloat: left;\n\t\t\t\tmargin-top: 10px;\n\t\t\t\ttext-align: center;\n\t\t\t\twidth: 33%;\n\t\t\t}\n\t\t\t#gallery-1 img {\n\t\t\t\tborder: 2px solid #cfcfcf;\n\t\t\t}\n\t\t\t#gallery-1 .gallery-caption {\n\t\t\t\tmargin-left: 0;\n\t\t\t}\n\t\t\t\/* see gallery_shortcode() in wp-includes\/media.php *\/\n\t\t<\/style>\n\t\t<div id='gallery-1' class='gallery galleryid-13735 gallery-columns-3 gallery-size-full'><dl class='gallery-item'>\n\t\t\t<dt class='gallery-icon landscape'>\n\t\t\t\t<a href='https:\/\/www.maroon5br.com\/site\/maroon5\/turnes\/honda-civic-tour-2013\/ty-mattson-honda-civic-maroon5-04\/'><img loading=\"lazy\" decoding=\"async\" width=\"854\" height=\"569\" src=\"https:\/\/www.maroon5br.com\/site\/wp-content\/uploads\/2013\/04\/ty-mattson-honda-civic-maroon5-04.jpg\" class=\"attachment-full size-full\" alt=\"\" srcset=\"https:\/\/www.maroon5br.com\/site\/wp-content\/uploads\/2013\/04\/ty-mattson-honda-civic-maroon5-04.jpg 854w, https:\/\/www.maroon5br.com\/site\/wp-content\/uploads\/2013\/04\/ty-mattson-honda-civic-maroon5-04-225x150.jpg 225w, https:\/\/www.maroon5br.com\/site\/wp-content\/uploads\/2013\/04\/ty-mattson-honda-civic-maroon5-04-300x200.jpg 300w, https:\/\/www.maroon5br.com\/site\/wp-content\/uploads\/2013\/04\/ty-mattson-honda-civic-maroon5-04-768x512.jpg 768w, https:\/\/www.maroon5br.com\/site\/wp-content\/uploads\/2013\/04\/ty-mattson-honda-civic-maroon5-04-570x380.jpg 570w, https:\/\/www.maroon5br.com\/site\/wp-content\/uploads\/2013\/04\/ty-mattson-honda-civic-maroon5-04-290x193.jpg 290w, https:\/\/www.maroon5br.com\/site\/wp-content\/uploads\/2013\/04\/ty-mattson-honda-civic-maroon5-04-450x300.jpg 450w, https:\/\/www.maroon5br.com\/site\/wp-content\/uploads\/2013\/04\/ty-mattson-honda-civic-maroon5-04-600x400.jpg 600w\" sizes=\"auto, (max-width: 854px) 100vw, 854px\" \/><\/a>\n\t\t\t<\/dt><\/dl><dl class='gallery-item'>\n\t\t\t<dt class='gallery-icon landscape'>\n\t\t\t\t<a href='https:\/\/www.maroon5br.com\/site\/maroon5\/turnes\/honda-civic-tour-2013\/ty-mattson-honda-civic-maroon5-05\/'><img loading=\"lazy\" decoding=\"async\" width=\"854\" height=\"569\" src=\"https:\/\/www.maroon5br.com\/site\/wp-content\/uploads\/2013\/04\/ty-mattson-honda-civic-maroon5-05.jpg\" class=\"attachment-full size-full\" alt=\"\" srcset=\"https:\/\/www.maroon5br.com\/site\/wp-content\/uploads\/2013\/04\/ty-mattson-honda-civic-maroon5-05.jpg 854w, https:\/\/www.maroon5br.com\/site\/wp-content\/uploads\/2013\/04\/ty-mattson-honda-civic-maroon5-05-225x150.jpg 225w, https:\/\/www.maroon5br.com\/site\/wp-content\/uploads\/2013\/04\/ty-mattson-honda-civic-maroon5-05-300x200.jpg 300w, https:\/\/www.maroon5br.com\/site\/wp-content\/uploads\/2013\/04\/ty-mattson-honda-civic-maroon5-05-768x512.jpg 768w, https:\/\/www.maroon5br.com\/site\/wp-content\/uploads\/2013\/04\/ty-mattson-honda-civic-maroon5-05-570x380.jpg 570w, https:\/\/www.maroon5br.com\/site\/wp-content\/uploads\/2013\/04\/ty-mattson-honda-civic-maroon5-05-290x193.jpg 290w, https:\/\/www.maroon5br.com\/site\/wp-content\/uploads\/2013\/04\/ty-mattson-honda-civic-maroon5-05-450x300.jpg 450w, https:\/\/www.maroon5br.com\/site\/wp-content\/uploads\/2013\/04\/ty-mattson-honda-civic-maroon5-05-600x400.jpg 600w\" sizes=\"auto, (max-width: 854px) 100vw, 854px\" \/><\/a>\n\t\t\t<\/dt><\/dl><dl class='gallery-item'>\n\t\t\t<dt class='gallery-icon landscape'>\n\t\t\t\t<a href='https:\/\/www.maroon5br.com\/site\/maroon5\/turnes\/honda-civic-tour-2013\/ty-mattson-honda-civic-maroon5-07\/'><img loading=\"lazy\" decoding=\"async\" width=\"854\" height=\"569\" src=\"https:\/\/www.maroon5br.com\/site\/wp-content\/uploads\/2013\/04\/ty-mattson-honda-civic-maroon5-07.jpg\" class=\"attachment-full size-full\" alt=\"\" srcset=\"https:\/\/www.maroon5br.com\/site\/wp-content\/uploads\/2013\/04\/ty-mattson-honda-civic-maroon5-07.jpg 854w, https:\/\/www.maroon5br.com\/site\/wp-content\/uploads\/2013\/04\/ty-mattson-honda-civic-maroon5-07-225x150.jpg 225w, https:\/\/www.maroon5br.com\/site\/wp-content\/uploads\/2013\/04\/ty-mattson-honda-civic-maroon5-07-300x200.jpg 300w, https:\/\/www.maroon5br.com\/site\/wp-content\/uploads\/2013\/04\/ty-mattson-honda-civic-maroon5-07-768x512.jpg 768w, https:\/\/www.maroon5br.com\/site\/wp-content\/uploads\/2013\/04\/ty-mattson-honda-civic-maroon5-07-570x380.jpg 570w, https:\/\/www.maroon5br.com\/site\/wp-content\/uploads\/2013\/04\/ty-mattson-honda-civic-maroon5-07-290x193.jpg 290w, https:\/\/www.maroon5br.com\/site\/wp-content\/uploads\/2013\/04\/ty-mattson-honda-civic-maroon5-07-450x300.jpg 450w, https:\/\/www.maroon5br.com\/site\/wp-content\/uploads\/2013\/04\/ty-mattson-honda-civic-maroon5-07-600x400.jpg 600w\" sizes=\"auto, (max-width: 854px) 100vw, 854px\" \/><\/a>\n\t\t\t<\/dt><\/dl><br style=\"clear: both\" \/><dl class='gallery-item'>\n\t\t\t<dt class='gallery-icon landscape'>\n\t\t\t\t<a href='https:\/\/www.maroon5br.com\/site\/maroon5\/turnes\/honda-civic-tour-2013\/ty-mattson-honda-civic-maroon5-06\/'><img loading=\"lazy\" decoding=\"async\" width=\"854\" height=\"569\" src=\"https:\/\/www.maroon5br.com\/site\/wp-content\/uploads\/2013\/04\/ty-mattson-honda-civic-maroon5-06.jpg\" class=\"attachment-full size-full\" alt=\"\" srcset=\"https:\/\/www.maroon5br.com\/site\/wp-content\/uploads\/2013\/04\/ty-mattson-honda-civic-maroon5-06.jpg 854w, https:\/\/www.maroon5br.com\/site\/wp-content\/uploads\/2013\/04\/ty-mattson-honda-civic-maroon5-06-225x150.jpg 225w, https:\/\/www.maroon5br.com\/site\/wp-content\/uploads\/2013\/04\/ty-mattson-honda-civic-maroon5-06-300x200.jpg 300w, https:\/\/www.maroon5br.com\/site\/wp-content\/uploads\/2013\/04\/ty-mattson-honda-civic-maroon5-06-768x512.jpg 768w, https:\/\/www.maroon5br.com\/site\/wp-content\/uploads\/2013\/04\/ty-mattson-honda-civic-maroon5-06-570x380.jpg 570w, https:\/\/www.maroon5br.com\/site\/wp-content\/uploads\/2013\/04\/ty-mattson-honda-civic-maroon5-06-290x193.jpg 290w, https:\/\/www.maroon5br.com\/site\/wp-content\/uploads\/2013\/04\/ty-mattson-honda-civic-maroon5-06-450x300.jpg 450w, https:\/\/www.maroon5br.com\/site\/wp-content\/uploads\/2013\/04\/ty-mattson-honda-civic-maroon5-06-600x400.jpg 600w\" sizes=\"auto, (max-width: 854px) 100vw, 854px\" \/><\/a>\n\t\t\t<\/dt><\/dl><dl class='gallery-item'>\n\t\t\t<dt class='gallery-icon landscape'>\n\t\t\t\t<a href='https:\/\/www.maroon5br.com\/site\/maroon5\/turnes\/honda-civic-tour-2013\/2013-custom-honda-civic-maroon5-070313-007\/'><img loading=\"lazy\" decoding=\"async\" width=\"615\" height=\"287\" src=\"https:\/\/www.maroon5br.com\/site\/wp-content\/uploads\/2013\/04\/2013-custom-honda-civic-maroon5-070313-007.jpg\" class=\"attachment-full size-full\" alt=\"\" srcset=\"https:\/\/www.maroon5br.com\/site\/wp-content\/uploads\/2013\/04\/2013-custom-honda-civic-maroon5-070313-007.jpg 615w, https:\/\/www.maroon5br.com\/site\/wp-content\/uploads\/2013\/04\/2013-custom-honda-civic-maroon5-070313-007-250x117.jpg 250w, https:\/\/www.maroon5br.com\/site\/wp-content\/uploads\/2013\/04\/2013-custom-honda-civic-maroon5-070313-007-300x140.jpg 300w\" sizes=\"auto, (max-width: 615px) 100vw, 615px\" \/><\/a>\n\t\t\t<\/dt><\/dl><dl class='gallery-item'>\n\t\t\t<dt class='gallery-icon landscape'>\n\t\t\t\t<a href='https:\/\/www.maroon5br.com\/site\/maroon5\/turnes\/honda-civic-tour-2013\/ty-mattson-honda-civic-maroon5-09\/'><img loading=\"lazy\" decoding=\"async\" width=\"854\" height=\"349\" src=\"https:\/\/www.maroon5br.com\/site\/wp-content\/uploads\/2013\/04\/ty-mattson-honda-civic-maroon5-09.jpg\" class=\"attachment-full size-full\" alt=\"\" srcset=\"https:\/\/www.maroon5br.com\/site\/wp-content\/uploads\/2013\/04\/ty-mattson-honda-civic-maroon5-09.jpg 854w, https:\/\/www.maroon5br.com\/site\/wp-content\/uploads\/2013\/04\/ty-mattson-honda-civic-maroon5-09-250x102.jpg 250w, https:\/\/www.maroon5br.com\/site\/wp-content\/uploads\/2013\/04\/ty-mattson-honda-civic-maroon5-09-300x123.jpg 300w, https:\/\/www.maroon5br.com\/site\/wp-content\/uploads\/2013\/04\/ty-mattson-honda-civic-maroon5-09-768x314.jpg 768w\" sizes=\"auto, (max-width: 854px) 100vw, 854px\" \/><\/a>\n\t\t\t<\/dt><\/dl><br style=\"clear: both\" \/><dl class='gallery-item'>\n\t\t\t<dt class='gallery-icon landscape'>\n\t\t\t\t<a href='https:\/\/www.maroon5br.com\/site\/maroon5\/turnes\/honda-civic-tour-2013\/ty-mattson-honda-civic-maroon5-03\/'><img loading=\"lazy\" decoding=\"async\" width=\"854\" height=\"522\" src=\"https:\/\/www.maroon5br.com\/site\/wp-content\/uploads\/2013\/04\/ty-mattson-honda-civic-maroon5-03.jpg\" class=\"attachment-full size-full\" alt=\"\" srcset=\"https:\/\/www.maroon5br.com\/site\/wp-content\/uploads\/2013\/04\/ty-mattson-honda-civic-maroon5-03.jpg 854w, https:\/\/www.maroon5br.com\/site\/wp-content\/uploads\/2013\/04\/ty-mattson-honda-civic-maroon5-03-245x150.jpg 245w, https:\/\/www.maroon5br.com\/site\/wp-content\/uploads\/2013\/04\/ty-mattson-honda-civic-maroon5-03-300x183.jpg 300w, https:\/\/www.maroon5br.com\/site\/wp-content\/uploads\/2013\/04\/ty-mattson-honda-civic-maroon5-03-768x469.jpg 768w, https:\/\/www.maroon5br.com\/site\/wp-content\/uploads\/2013\/04\/ty-mattson-honda-civic-maroon5-03-622x380.jpg 622w\" sizes=\"auto, (max-width: 854px) 100vw, 854px\" \/><\/a>\n\t\t\t<\/dt><\/dl><dl class='gallery-item'>\n\t\t\t<dt class='gallery-icon landscape'>\n\t\t\t\t<a href='https:\/\/www.maroon5br.com\/site\/maroon5\/turnes\/honda-civic-tour-2013\/ty-mattson-honda-civic-maroon5-08\/'><img loading=\"lazy\" decoding=\"async\" width=\"854\" height=\"569\" src=\"https:\/\/www.maroon5br.com\/site\/wp-content\/uploads\/2013\/04\/ty-mattson-honda-civic-maroon5-08.jpg\" class=\"attachment-full size-full\" alt=\"\" srcset=\"https:\/\/www.maroon5br.com\/site\/wp-content\/uploads\/2013\/04\/ty-mattson-honda-civic-maroon5-08.jpg 854w, https:\/\/www.maroon5br.com\/site\/wp-content\/uploads\/2013\/04\/ty-mattson-honda-civic-maroon5-08-225x150.jpg 225w, https:\/\/www.maroon5br.com\/site\/wp-content\/uploads\/2013\/04\/ty-mattson-honda-civic-maroon5-08-300x200.jpg 300w, https:\/\/www.maroon5br.com\/site\/wp-content\/uploads\/2013\/04\/ty-mattson-honda-civic-maroon5-08-768x512.jpg 768w, https:\/\/www.maroon5br.com\/site\/wp-content\/uploads\/2013\/04\/ty-mattson-honda-civic-maroon5-08-570x380.jpg 570w, https:\/\/www.maroon5br.com\/site\/wp-content\/uploads\/2013\/04\/ty-mattson-honda-civic-maroon5-08-290x193.jpg 290w, https:\/\/www.maroon5br.com\/site\/wp-content\/uploads\/2013\/04\/ty-mattson-honda-civic-maroon5-08-450x300.jpg 450w, https:\/\/www.maroon5br.com\/site\/wp-content\/uploads\/2013\/04\/ty-mattson-honda-civic-maroon5-08-600x400.jpg 600w\" sizes=\"auto, (max-width: 854px) 100vw, 854px\" \/><\/a>\n\t\t\t<\/dt><\/dl><dl class='gallery-item'>\n\t\t\t<dt class='gallery-icon landscape'>\n\t\t\t\t<a href='https:\/\/www.maroon5br.com\/site\/maroon5\/turnes\/honda-civic-tour-2013\/ty-mattson-honda-civic-maroon5-02\/'><img loading=\"lazy\" decoding=\"async\" width=\"854\" height=\"522\" src=\"https:\/\/www.maroon5br.com\/site\/wp-content\/uploads\/2013\/04\/ty-mattson-honda-civic-maroon5-02.jpg\" class=\"attachment-full size-full\" alt=\"\" srcset=\"https:\/\/www.maroon5br.com\/site\/wp-content\/uploads\/2013\/04\/ty-mattson-honda-civic-maroon5-02.jpg 854w, https:\/\/www.maroon5br.com\/site\/wp-content\/uploads\/2013\/04\/ty-mattson-honda-civic-maroon5-02-245x150.jpg 245w, https:\/\/www.maroon5br.com\/site\/wp-content\/uploads\/2013\/04\/ty-mattson-honda-civic-maroon5-02-300x183.jpg 300w, https:\/\/www.maroon5br.com\/site\/wp-content\/uploads\/2013\/04\/ty-mattson-honda-civic-maroon5-02-768x469.jpg 768w, https:\/\/www.maroon5br.com\/site\/wp-content\/uploads\/2013\/04\/ty-mattson-honda-civic-maroon5-02-622x380.jpg 622w\" sizes=\"auto, (max-width: 854px) 100vw, 854px\" \/><\/a>\n\t\t\t<\/dt><\/dl><br style=\"clear: both\" \/><dl class='gallery-item'>\n\t\t\t<dt class='gallery-icon landscape'>\n\t\t\t\t<a href='https:\/\/www.maroon5br.com\/site\/maroon5\/turnes\/honda-civic-tour-2013\/ty-mattson-honda-civic-maroon5-10\/'><img loading=\"lazy\" decoding=\"async\" width=\"854\" height=\"349\" src=\"https:\/\/www.maroon5br.com\/site\/wp-content\/uploads\/2013\/04\/ty-mattson-honda-civic-maroon5-10.jpg\" class=\"attachment-full size-full\" alt=\"\" srcset=\"https:\/\/www.maroon5br.com\/site\/wp-content\/uploads\/2013\/04\/ty-mattson-honda-civic-maroon5-10.jpg 854w, https:\/\/www.maroon5br.com\/site\/wp-content\/uploads\/2013\/04\/ty-mattson-honda-civic-maroon5-10-250x102.jpg 250w, https:\/\/www.maroon5br.com\/site\/wp-content\/uploads\/2013\/04\/ty-mattson-honda-civic-maroon5-10-300x123.jpg 300w, https:\/\/www.maroon5br.com\/site\/wp-content\/uploads\/2013\/04\/ty-mattson-honda-civic-maroon5-10-768x314.jpg 768w\" sizes=\"auto, (max-width: 854px) 100vw, 854px\" \/><\/a>\n\t\t\t<\/dt><\/dl><dl class='gallery-item'>\n\t\t\t<dt class='gallery-icon landscape'>\n\t\t\t\t<a href='https:\/\/www.maroon5br.com\/site\/maroon5\/turnes\/honda-civic-tour-2013\/ty-mattson-honda-civic-maroon5-01\/'><img loading=\"lazy\" decoding=\"async\" width=\"854\" height=\"522\" src=\"https:\/\/www.maroon5br.com\/site\/wp-content\/uploads\/2013\/04\/ty-mattson-honda-civic-maroon5-01.jpg\" class=\"attachment-full size-full\" alt=\"\" srcset=\"https:\/\/www.maroon5br.com\/site\/wp-content\/uploads\/2013\/04\/ty-mattson-honda-civic-maroon5-01.jpg 854w, https:\/\/www.maroon5br.com\/site\/wp-content\/uploads\/2013\/04\/ty-mattson-honda-civic-maroon5-01-245x150.jpg 245w, https:\/\/www.maroon5br.com\/site\/wp-content\/uploads\/2013\/04\/ty-mattson-honda-civic-maroon5-01-300x183.jpg 300w, https:\/\/www.maroon5br.com\/site\/wp-content\/uploads\/2013\/04\/ty-mattson-honda-civic-maroon5-01-768x469.jpg 768w, https:\/\/www.maroon5br.com\/site\/wp-content\/uploads\/2013\/04\/ty-mattson-honda-civic-maroon5-01-622x380.jpg 622w\" sizes=\"auto, (max-width: 854px) 100vw, 854px\" \/><\/a>\n\t\t\t<\/dt><\/dl>\n\t\t\t<br style='clear: both' \/>\n\t\t<\/div>\n\n<h3>Datas<\/h3>\n<table width=\"650\">\n<tbody>\n<tr>\n<th rowspan=\"1\">Data<\/th>\n<th rowspan=\"1\">Cidade<\/th>\n<th rowspan=\"1\">Local<\/th>\n<\/tr>\n<tr>\n<td align=\"center\">01 de Agosto de 2013<\/td>\n<td align=\"center\">St. Louis, MO<\/td>\n<td align=\"center\">Verizon Wireless Amphitheatre<\/td>\n<\/tr>\n<tr>\n<td align=\"center\">03 de Agosto de 2013<\/td>\n<td align=\"center\">Indianapolis, IN<\/td>\n<td align=\"center\">Klipsch Music Center<\/td>\n<\/tr>\n<tr>\n<td align=\"center\">04 de Agosto de 2013<\/td>\n<td align=\"center\">Cincinnati, OH<\/td>\n<td align=\"center\">Riverbend Music Center<\/td>\n<\/tr>\n<tr>\n<td align=\"center\">06 de Agosto de 2013<\/td>\n<td align=\"center\">Pittsburgh, PA<\/td>\n<td align=\"center\">First Niagara Pavilion<\/td>\n<\/tr>\n<tr>\n<td align=\"center\">07 de Agosto de 2013<\/td>\n<td align=\"center\">Camden, NJ<\/td>\n<td align=\"center\">Susquehanna Bank Center<\/td>\n<\/tr>\n<tr>\n<td align=\"center\">09 de Agosto de 2013<\/td>\n<td align=\"center\">Mansfield, MA<\/td>\n<td align=\"center\">Comcast Center<\/td>\n<\/tr>\n<tr>\n<td align=\"center\">10 de Agosto de 2013<\/td>\n<td align=\"center\">Holmdel, NJ<\/td>\n<td align=\"center\">PNC Bank Arts Center<\/td>\n<\/tr>\n<tr>\n<td align=\"center\">11 de Agosto de 2013<\/td>\n<td align=\"center\">Wantagh, NY<\/td>\n<td align=\"center\">Nikon at Jones Beach Theatre<\/td>\n<\/tr>\n<tr>\n<td align=\"center\">25 de Agosto de 2013<\/td>\n<td align=\"center\">Tinley Park, IL<\/td>\n<td align=\"center\">First Midwest Bank Amphitheatre<\/td>\n<\/tr>\n<tr>\n<td align=\"center\">26 de Agosto de 2013<\/td>\n<td align=\"center\">Cleveland, OH<\/td>\n<td align=\"center\">Blossom Music Center<\/td>\n<\/tr>\n<tr>\n<td align=\"center\">28 de Agosto de 2013<\/td>\n<td align=\"center\">Detroit, MI<\/td>\n<td align=\"center\">DTE Energy Music Theatre<\/td>\n<\/tr>\n<tr>\n<td align=\"center\">29 de Agosto de 2013<\/td>\n<td align=\"center\">Toronto, ON<\/td>\n<td align=\"center\">Molson Canadian Amphitheatre<\/td>\n<\/tr>\n<tr>\n<td align=\"center\">31 de Agosto de 2013<\/td>\n<td align=\"center\">Hartford, CT<\/td>\n<td align=\"center\">Comcast Theatre<\/td>\n<\/tr>\n<tr>\n<td align=\"center\">01 de Setembro de 2013<\/td>\n<td align=\"center\">Scranton, PA<\/td>\n<td align=\"center\">Toyota Pavilion at Montage Mountain<\/td>\n<\/tr>\n<tr>\n<td align=\"center\">04 de Setembro de 2013<\/td>\n<td align=\"center\">Darien Center, NY<\/td>\n<td align=\"center\">Darien Lake Performing Arts Center<\/td>\n<\/tr>\n<tr>\n<td align=\"center\">05 de Setembro de 2013<\/td>\n<td align=\"center\">Saratoga Springs, NY<\/td>\n<td align=\"center\">Saratoga Performing Arts Center<\/td>\n<\/tr>\n<tr>\n<td align=\"center\">07 de Setembro de 2013<\/td>\n<td align=\"center\">Bristow, VA<\/td>\n<td align=\"center\">Jiffy Lube Live<\/td>\n<\/tr>\n<tr>\n<td align=\"center\">08 de Setembro de 2013<\/td>\n<td align=\"center\">Virginia Beach, VA<\/td>\n<td align=\"center\">Farm Bureau Live<\/td>\n<\/tr>\n<tr>\n<td align=\"center\">10 de Setembro de 2013<\/td>\n<td align=\"center\">Raleigh, NC<\/td>\n<td align=\"center\">Time Warner Cable Music Pavilion<\/td>\n<\/tr>\n<tr>\n<td align=\"center\">11 de Setembro de 2013<\/td>\n<td align=\"center\">Charlotte, NC<\/td>\n<td align=\"center\">Verizon Wireless Amphitheatre<\/td>\n<\/tr>\n<tr>\n<td align=\"center\">13 de Setembro de 2013<\/td>\n<td align=\"center\">Tampa, FL<\/td>\n<td align=\"center\">1-800-ASK-GARY Amphitheatre<\/td>\n<\/tr>\n<tr>\n<td align=\"center\">14 de Setembro de 2013<\/td>\n<td align=\"center\">West Palm Beach, FL<\/td>\n<td align=\"center\">Cruzan Amphitheatre<\/td>\n<\/tr>\n<tr>\n<td align=\"center\">16 de Setembro de 2013<\/td>\n<td align=\"center\">Atlanta, GA<\/td>\n<td align=\"center\">Aaron&#8217;s Amphitheatre at Lakewood<\/td>\n<\/tr>\n<tr>\n<td align=\"center\">18 de Setembro de 2013<\/td>\n<td align=\"center\">Austin, TX<\/td>\n<td align=\"center\">Austin360 Amphitheatre<\/td>\n<\/tr>\n<tr>\n<td align=\"center\">19 de Setembro de 2013<\/td>\n<td align=\"center\">Houston, TX<\/td>\n<td align=\"center\">Woodlands Pavilion<\/td>\n<\/tr>\n<tr>\n<td align=\"center\">22 de Setembro de 2013<\/td>\n<td align=\"center\">Dallas, TX<\/td>\n<td align=\"center\">Gexa Energy Pavilion<\/td>\n<\/tr>\n<tr>\n<td align=\"center\">24 de Setembro de 2013<\/td>\n<td align=\"center\">Denver, CO<\/td>\n<td align=\"center\">Fiddler&#8217;s Green Amphitheatre<\/td>\n<\/tr>\n<tr>\n<td align=\"center\">27 de Setembro de 2013<\/td>\n<td align=\"center\">Portland, OR<\/td>\n<td align=\"center\">Sleep Country Amphitheatre<\/td>\n<\/tr>\n<tr>\n<td align=\"center\">28 de Setembro de 2013<\/td>\n<td align=\"center\">George, WA<\/td>\n<td align=\"center\">Gorge Amphitheatre<\/td>\n<\/tr>\n<tr>\n<td align=\"center\">01 de Outubro de 2013<\/td>\n<td align=\"center\">Marysville, CA<\/td>\n<td align=\"center\">Sleep Train Amphitheatre<\/td>\n<\/tr>\n<tr>\n<td align=\"center\">02 de Outubro de 2013<\/td>\n<td align=\"center\">Mountain View, CA<\/td>\n<td align=\"center\">Shoreline Amphitheatre<\/td>\n<\/tr>\n<tr>\n<td align=\"center\">05 de Outubro de 2013<\/td>\n<td align=\"center\">San Diego, CA<\/td>\n<td align=\"center\">Sleep Train Amphitheatre<\/td>\n<\/tr>\n<\/tbody>\n<\/table>\n","protected":false},"excerpt":{"rendered":"<p>Com ingressos esgotados em todos os shows da turn\u00ea Overexposed nos Estados Unidos, o Maroon 5 decidiu dar uma nova chance aos f\u00e3s e anunciou uma nova turn\u00ea de ver\u00e3o em parceria com a cantora pop Kelly Clarkson, como parte da Honda Civic Tour 2013. Come\u00e7ando no dia 1\u00ba de Agosto de 2013, a nova [&hellip;]<\/p>\n","protected":false},"author":1,"featured_media":15401,"parent":9750,"menu_order":10,"comment_status":"open","ping_status":"closed","template":"","meta":{"_themeisle_gutenberg_block_has_review":false,"footnotes":""},"class_list":["post-13735","page","type-page","status-publish","has-post-thumbnail","hentry"],"_links":{"self":[{"href":"https:\/\/www.maroon5br.com\/site\/wp-json\/wp\/v2\/pages\/13735","targetHints":{"allow":["GET"]}}],"collection":[{"href":"https:\/\/www.maroon5br.com\/site\/wp-json\/wp\/v2\/pages"}],"about":[{"href":"https:\/\/www.maroon5br.com\/site\/wp-json\/wp\/v2\/types\/page"}],"author":[{"embeddable":true,"href":"https:\/\/www.maroon5br.com\/site\/wp-json\/wp\/v2\/users\/1"}],"replies":[{"embeddable":true,"href":"https:\/\/www.maroon5br.com\/site\/wp-json\/wp\/v2\/comments?post=13735"}],"version-history":[{"count":20,"href":"https:\/\/www.maroon5br.com\/site\/wp-json\/wp\/v2\/pages\/13735\/revisions"}],"predecessor-version":[{"id":22427,"href":"https:\/\/www.maroon5br.com\/site\/wp-json\/wp\/v2\/pages\/13735\/revisions\/22427"}],"up":[{"embeddable":true,"href":"https:\/\/www.maroon5br.com\/site\/wp-json\/wp\/v2\/pages\/9750"}],"wp:featuredmedia":[{"embeddable":true,"href":"https:\/\/www.maroon5br.com\/site\/wp-json\/wp\/v2\/media\/15401"}],"wp:attachment":[{"href":"https:\/\/www.maroon5br.com\/site\/wp-json\/wp\/v2\/media?parent=13735"}],"curies":[{"name":"wp","href":"https:\/\/api.w.org\/{rel}","templated":true}]}}