{"id":18904,"date":"2015-08-17T14:48:09","date_gmt":"2015-08-17T17:48:09","guid":{"rendered":"http:\/\/www.maroon5br.com\/?page_id=18904"},"modified":"2017-09-26T14:12:32","modified_gmt":"2017-09-26T17:12:32","slug":"the-voice-8a-temporada","status":"publish","type":"page","link":"https:\/\/www.maroon5br.com\/site\/maroon5\/cinemaetv\/the-voice\/the-voice-8a-temporada\/","title":{"rendered":"The Voice &#8211; 8\u00aa Temporada"},"content":{"rendered":"<p>O retorno de <strong>Christina Aguilera<\/strong> ao painel de mentores foi a grande novidade da 8\u00aa temporada do The Voice, que estreou na NBC no dia 23 de Fevereiro de 2015. A cantora, que voltou da licen\u00e7a maternidade, se uniu aos veteranos <strong>Adam Levine, Blake Shelton<\/strong> e <strong>Pharrell Williams<\/strong> na competi\u00e7\u00e3o que ir\u00e1 definir a nova &#8220;voz&#8221; dos Estados Unidos.<\/p>\n<p>Nesta edi\u00e7\u00e3o, os participantes contaram com diversos artistas de peso para acompanh\u00e1-los durante as diversas fases da competi\u00e7\u00e3o. Na rodada de Battle Rounds, os mentores convidaram <strong>Meghan Trainor, Lionel Richie, Nick Jonas<\/strong> e <strong>Ellie Goulding<\/strong> para preparar as duplas de competidores que buscaram uma vaga nos Knockout Rounds. Na fase seguinte <strong>Nate Ruess<\/strong>, vocalista da banda Fun, foi escolhido para ajudar os participantes.<\/p>\n<p>J\u00e1 nos live shows a cantora country Reba McEntire &#8211; conselheira do Team Blake na primeira temporada &#8211; voltou para aconselhar o Top 12. Em seguida, Dave Stewart, Scott Hendricks, Mark Ronson e Ryan Tedder acompanharam o Top 10.<\/p>\n<p>Para aconselhar o Top 8 a conseguir uma vaga na semifinal, a NBC recrutou os t\u00e9cnicos de outras temporadas do The Voice. Usher, CeeLo Green e Gwen Stefani se dividiram entre os times. Shakira foi a \u00fanica mentora que n\u00e3o retornou, por estar de licen\u00e7a maternidade ap\u00f3s o nascimento de seu segundo filho.<\/p>\n<p>A temporada chegou ao fim no dia 19 de Maio de 2015 e coroou <strong>Sawyer Fredricks<\/strong>, competidor do time de Pharrell Williams. O segundo lugar ficou com <strong>Meghan Linsey<\/strong>, tamb\u00e9m integrante do time de Pharrell.<\/p>\n<h3>Poster<\/h3>\n<p><img decoding=\"async\" data-id=\"23177\"  src=\"https:\/\/www.maroon5br.com\/site\/wp-content\/uploads\/2015\/08\/TheVoice-S08-Poster.jpg\" alt=\"\" width=\"100%\" \/><\/p>\n<h3>V\u00eddeo<\/h3>\n<p>http:\/\/www.youtube.com\/watch?v=Nf7btYtqG18<\/p>\n<h3>Times<\/h3>\n<blockquote>\n<h2>Team Adam<\/h2>\n<p><img decoding=\"async\" class=\"alignnone size-full wp-image-18092\" src=\"https:\/\/www.maroon5br.com\/site\/wp-content\/uploads\/2015\/03\/NUP_167146_0602.jpg\" alt=\"The Voice - Season 7\" width=\"100%\" data-id=\"18092\" \/><\/p>\n<p><strong>Conselheiros:<\/strong> Ellie Goulding (Battle Rounds), Nate Ruess (Knockout Rounds), Reba McEntire (Top12), Dave Stewart (Top 10), Usher (Top 8)<\/p>\n<p><strong>Participantes<\/strong>: Barry Minniefield, Michael Leier, Nathan Hermida, Nicolette Mare, Blaze Johnson, Deanna Johnson, Lexi Davila, Jack Gregori, James McNeiece, Josh Batstone, Bren&#8217;nae Debarge, Tonya Boyd-Cannon<\/p><\/blockquote>\n<blockquote>\n<h2>Team Blake<\/h2>\n<p><img decoding=\"async\" class=\"alignnone size-full wp-image-18092\" src=\"https:\/\/www.maroon5br.com\/site\/wp-content\/uploads\/2015\/03\/NUP_167147_0505.jpg\" alt=\"The Voice - Season 7\" width=\"100%\" data-id=\"18092\" \/><\/p>\n<p><strong>Conselheiro:<\/strong> Meghan Trainor (Battle Rounds), Nate Ruess (Knockout Rounds), Reba McEntire (Top12), Scott Hendricks (Top 10), CeeLo Green (Top 8)<\/p>\n<p><strong>Participantes:<\/strong> Brenna Yaeger, Brooke Adee, Cody Wickline, Sarah Potenza, Hannah Kirby, Matt Snook, Brian Johnson, Joshua Davis, Bay Brooks, Jacob Rummell, Kelsie May, Corey Kent White<\/p><\/blockquote>\n<blockquote>\n<h2>Team Christina<\/h2>\n<p><img decoding=\"async\" class=\"alignnone size-full wp-image-18092\" src=\"https:\/\/www.maroon5br.com\/site\/wp-content\/uploads\/2015\/03\/NUP_167148_0436.jpg\" alt=\"The Voice - Season 7\" width=\"100%\" data-id=\"18092\" \/><\/p>\n<p><strong>Conselheiro:<\/strong> Nick Jonas (Battle Rounds), Nate Ruess (Knockout Rounds), Reba McEntire (Top12), Mark Ronson (Top 10), Gwen Stefani (Top 8)<\/p>\n<p><strong>Participantes:<\/strong> Joe Tolo, Koryn Hawthorne, Jeremy Gaynor, Clinton Washington, Ameera Delandro, Vance Smith, Katelyn Read, Rob Taylor, Gabriel Wolfchild, India Carney, Treeva Gibson, Sonic<\/p><\/blockquote>\n<blockquote>\n<h2>Team Pharrell<\/h2>\n<p><img decoding=\"async\" class=\"alignnone size-full wp-image-18092\" src=\"https:\/\/www.maroon5br.com\/site\/wp-content\/uploads\/2015\/03\/NUP_167145_0620.jpg\" alt=\"The Voice - Season 7\" width=\"100%\" data-id=\"18092\" \/><\/p>\n<p><strong>Conselheiro:<\/strong> Lionel Richie (Battle Rounds), Nate Ruess (Knockout Rounds), Reba McEntire (Top12), Ryan Tedder (Top 10), Gwen Stefani (Top 8)<\/p>\n<p><strong>Participantes:<\/strong> Briar Jonnee, Caitlin Caporale, Meghan Linsey, Kimberly Nichole, Ashley Morgan, Paul Pfau, Travis Ewing, Noelle Bybee, Lowell Oakley, Mia Z, Anthony Riley, Sawyer Fredericks<\/p><\/blockquote>\n<h3>Vencedor<\/h3>\n<blockquote style=\"text-align: center;\">\n<h2>Sawyer Fredricks<\/h2>\n<p><em>Team Pharrell<\/em>\n<\/p><\/blockquote>\n<h3>Fotos<\/h3>\n\n\t\t<style type=\"text\/css\">\n\t\t\t#gallery-1 {\n\t\t\t\tmargin: auto;\n\t\t\t}\n\t\t\t#gallery-1 .gallery-item {\n\t\t\t\tfloat: left;\n\t\t\t\tmargin-top: 10px;\n\t\t\t\ttext-align: center;\n\t\t\t\twidth: 33%;\n\t\t\t}\n\t\t\t#gallery-1 img {\n\t\t\t\tborder: 2px solid #cfcfcf;\n\t\t\t}\n\t\t\t#gallery-1 .gallery-caption {\n\t\t\t\tmargin-left: 0;\n\t\t\t}\n\t\t\t\/* see gallery_shortcode() in wp-includes\/media.php *\/\n\t\t<\/style>\n\t\t<div id='gallery-1' class='gallery galleryid-18904 gallery-columns-3 gallery-size-thumbnail'><dl class='gallery-item'>\n\t\t\t<dt class='gallery-icon landscape'>\n\t\t\t\t<a href='https:\/\/www.maroon5br.com\/site\/maroon5\/cinemaetv\/the-voice\/the-voice-8a-temporada\/thevoice-s08-01\/'><img loading=\"lazy\" decoding=\"async\" width=\"225\" height=\"150\" src=\"https:\/\/www.maroon5br.com\/site\/wp-content\/uploads\/2015\/08\/TheVoice-S08-01-225x150.jpg\" class=\"attachment-thumbnail size-thumbnail\" alt=\"\" srcset=\"https:\/\/www.maroon5br.com\/site\/wp-content\/uploads\/2015\/08\/TheVoice-S08-01-225x150.jpg 225w, https:\/\/www.maroon5br.com\/site\/wp-content\/uploads\/2015\/08\/TheVoice-S08-01-300x200.jpg 300w, https:\/\/www.maroon5br.com\/site\/wp-content\/uploads\/2015\/08\/TheVoice-S08-01-768x513.jpg 768w, https:\/\/www.maroon5br.com\/site\/wp-content\/uploads\/2015\/08\/TheVoice-S08-01-569x380.jpg 569w, https:\/\/www.maroon5br.com\/site\/wp-content\/uploads\/2015\/08\/TheVoice-S08-01-290x193.jpg 290w, https:\/\/www.maroon5br.com\/site\/wp-content\/uploads\/2015\/08\/TheVoice-S08-01-450x300.jpg 450w, https:\/\/www.maroon5br.com\/site\/wp-content\/uploads\/2015\/08\/TheVoice-S08-01-600x400.jpg 600w, https:\/\/www.maroon5br.com\/site\/wp-content\/uploads\/2015\/08\/TheVoice-S08-01.jpg 1024w\" sizes=\"auto, (max-width: 225px) 100vw, 225px\" \/><\/a>\n\t\t\t<\/dt><\/dl><dl class='gallery-item'>\n\t\t\t<dt class='gallery-icon landscape'>\n\t\t\t\t<a href='https:\/\/www.maroon5br.com\/site\/maroon5\/cinemaetv\/the-voice\/the-voice-8a-temporada\/thevoice-s08-02\/'><img loading=\"lazy\" decoding=\"async\" width=\"225\" height=\"150\" src=\"https:\/\/www.maroon5br.com\/site\/wp-content\/uploads\/2015\/08\/TheVoice-S08-02-225x150.jpg\" class=\"attachment-thumbnail size-thumbnail\" alt=\"\" srcset=\"https:\/\/www.maroon5br.com\/site\/wp-content\/uploads\/2015\/08\/TheVoice-S08-02-225x150.jpg 225w, https:\/\/www.maroon5br.com\/site\/wp-content\/uploads\/2015\/08\/TheVoice-S08-02-300x200.jpg 300w, https:\/\/www.maroon5br.com\/site\/wp-content\/uploads\/2015\/08\/TheVoice-S08-02-768x512.jpg 768w, https:\/\/www.maroon5br.com\/site\/wp-content\/uploads\/2015\/08\/TheVoice-S08-02-570x380.jpg 570w, https:\/\/www.maroon5br.com\/site\/wp-content\/uploads\/2015\/08\/TheVoice-S08-02-290x193.jpg 290w, https:\/\/www.maroon5br.com\/site\/wp-content\/uploads\/2015\/08\/TheVoice-S08-02-450x300.jpg 450w, https:\/\/www.maroon5br.com\/site\/wp-content\/uploads\/2015\/08\/TheVoice-S08-02-600x400.jpg 600w, https:\/\/www.maroon5br.com\/site\/wp-content\/uploads\/2015\/08\/TheVoice-S08-02.jpg 2000w\" sizes=\"auto, (max-width: 225px) 100vw, 225px\" \/><\/a>\n\t\t\t<\/dt><\/dl><dl class='gallery-item'>\n\t\t\t<dt class='gallery-icon landscape'>\n\t\t\t\t<a href='https:\/\/www.maroon5br.com\/site\/maroon5\/cinemaetv\/the-voice\/the-voice-8a-temporada\/thevoice-s08-03\/'><img loading=\"lazy\" decoding=\"async\" width=\"250\" height=\"141\" src=\"https:\/\/www.maroon5br.com\/site\/wp-content\/uploads\/2015\/08\/TheVoice-S08-03-250x141.jpg\" class=\"attachment-thumbnail size-thumbnail\" alt=\"\" srcset=\"https:\/\/www.maroon5br.com\/site\/wp-content\/uploads\/2015\/08\/TheVoice-S08-03-250x141.jpg 250w, https:\/\/www.maroon5br.com\/site\/wp-content\/uploads\/2015\/08\/TheVoice-S08-03-300x169.jpg 300w, https:\/\/www.maroon5br.com\/site\/wp-content\/uploads\/2015\/08\/TheVoice-S08-03-768x432.jpg 768w, https:\/\/www.maroon5br.com\/site\/wp-content\/uploads\/2015\/08\/TheVoice-S08-03-676x380.jpg 676w, https:\/\/www.maroon5br.com\/site\/wp-content\/uploads\/2015\/08\/TheVoice-S08-03.jpg 1920w\" sizes=\"auto, (max-width: 250px) 100vw, 250px\" \/><\/a>\n\t\t\t<\/dt><\/dl><br style=\"clear: both\" \/><dl class='gallery-item'>\n\t\t\t<dt class='gallery-icon portrait'>\n\t\t\t\t<a href='https:\/\/www.maroon5br.com\/site\/maroon5\/cinemaetv\/the-voice\/the-voice-8a-temporada\/thevoice-s08-poster\/'><img loading=\"lazy\" decoding=\"async\" width=\"112\" height=\"150\" src=\"https:\/\/www.maroon5br.com\/site\/wp-content\/uploads\/2015\/08\/TheVoice-S08-Poster-112x150.jpg\" class=\"attachment-thumbnail size-thumbnail\" alt=\"\" srcset=\"https:\/\/www.maroon5br.com\/site\/wp-content\/uploads\/2015\/08\/TheVoice-S08-Poster-112x150.jpg 112w, https:\/\/www.maroon5br.com\/site\/wp-content\/uploads\/2015\/08\/TheVoice-S08-Poster-225x300.jpg 225w, https:\/\/www.maroon5br.com\/site\/wp-content\/uploads\/2015\/08\/TheVoice-S08-Poster-768x1025.jpg 768w, https:\/\/www.maroon5br.com\/site\/wp-content\/uploads\/2015\/08\/TheVoice-S08-Poster-285x380.jpg 285w, https:\/\/www.maroon5br.com\/site\/wp-content\/uploads\/2015\/08\/TheVoice-S08-Poster.jpg 800w\" sizes=\"auto, (max-width: 112px) 100vw, 112px\" \/><\/a>\n\t\t\t<\/dt><\/dl>\n\t\t\t<br style='clear: both' \/>\n\t\t<\/div>\n\n","protected":false},"excerpt":{"rendered":"<p>O retorno de Christina Aguilera ao painel de mentores foi a grande novidade da 8\u00aa temporada do The Voice, que estreou na NBC no dia 23 de Fevereiro de 2015. A cantora, que voltou da licen\u00e7a maternidade, se uniu aos veteranos Adam Levine, Blake Shelton e Pharrell Williams na competi\u00e7\u00e3o que ir\u00e1 definir a nova [&hellip;]<\/p>\n","protected":false},"author":1,"featured_media":23176,"parent":16738,"menu_order":8,"comment_status":"open","ping_status":"closed","template":"","meta":{"_themeisle_gutenberg_block_has_review":false,"footnotes":""},"class_list":["post-18904","page","type-page","status-publish","has-post-thumbnail","hentry"],"_links":{"self":[{"href":"https:\/\/www.maroon5br.com\/site\/wp-json\/wp\/v2\/pages\/18904","targetHints":{"allow":["GET"]}}],"collection":[{"href":"https:\/\/www.maroon5br.com\/site\/wp-json\/wp\/v2\/pages"}],"about":[{"href":"https:\/\/www.maroon5br.com\/site\/wp-json\/wp\/v2\/types\/page"}],"author":[{"embeddable":true,"href":"https:\/\/www.maroon5br.com\/site\/wp-json\/wp\/v2\/users\/1"}],"replies":[{"embeddable":true,"href":"https:\/\/www.maroon5br.com\/site\/wp-json\/wp\/v2\/comments?post=18904"}],"version-history":[{"count":10,"href":"https:\/\/www.maroon5br.com\/site\/wp-json\/wp\/v2\/pages\/18904\/revisions"}],"predecessor-version":[{"id":23179,"href":"https:\/\/www.maroon5br.com\/site\/wp-json\/wp\/v2\/pages\/18904\/revisions\/23179"}],"up":[{"embeddable":true,"href":"https:\/\/www.maroon5br.com\/site\/wp-json\/wp\/v2\/pages\/16738"}],"wp:featuredmedia":[{"embeddable":true,"href":"https:\/\/www.maroon5br.com\/site\/wp-json\/wp\/v2\/media\/23176"}],"wp:attachment":[{"href":"https:\/\/www.maroon5br.com\/site\/wp-json\/wp\/v2\/media?parent=18904"}],"curies":[{"name":"wp","href":"https:\/\/api.w.org\/{rel}","templated":true}]}}