{"id":23196,"date":"2017-09-27T16:09:07","date_gmt":"2017-09-27T19:09:07","guid":{"rendered":"http:\/\/www.maroon5br.com\/?page_id=23196"},"modified":"2017-09-27T16:09:07","modified_gmt":"2017-09-27T19:09:07","slug":"222-records","status":"publish","type":"page","link":"https:\/\/www.maroon5br.com\/site\/maroon5\/projetos\/222-records\/","title":{"rendered":"222 Records"},"content":{"rendered":"<p><img loading=\"lazy\" decoding=\"async\" class=\"aligncenter size-full wp-image-23197\" src=\"https:\/\/www.maroon5br.com\/site\/wp-content\/uploads\/2017\/09\/222Records.png\" alt=\"\" width=\"512\" height=\"512\" data-id=\"23197\" srcset=\"https:\/\/www.maroon5br.com\/site\/wp-content\/uploads\/2017\/09\/222Records.png 512w, https:\/\/www.maroon5br.com\/site\/wp-content\/uploads\/2017\/09\/222Records-150x150.png 150w, https:\/\/www.maroon5br.com\/site\/wp-content\/uploads\/2017\/09\/222Records-300x300.png 300w, https:\/\/www.maroon5br.com\/site\/wp-content\/uploads\/2017\/09\/222Records-380x380.png 380w, https:\/\/www.maroon5br.com\/site\/wp-content\/uploads\/2017\/09\/222Records-224x224.png 224w\" sizes=\"auto, (max-width: 512px) 100vw, 512px\" \/><\/p>\n<p>Fundada em 2012, a 222 Records \u00e9 um sonho antigo de Adam Levine. <strong>&#8220;Come\u00e7ar a minha pr\u00f3pria gravadora \u00e9 t\u00eam sido um objetivo de longo prazo meu, e eu estou feliz de estar em um momento da minha carreira onde isso finalmente est\u00e1 acontecendo,&#8221;<\/strong> comemorou Adam durante o lan\u00e7amento.<\/p>\n<p>Tendo o ator e m\u00fasico Matthew Morrison, conhecido por seu trabalho na s\u00e9rie Glee, aos poucos a gravadora foi expandindo e acrescentando nomes ao seu cat\u00e1logo. Rozzi Crane, Polly A. e, claro, Maroon 5 tamb\u00e9m est\u00e3o no projeto. A trilha sonora do filme &#8220;Begin Again,&#8221; de 2014, tamb\u00e9m foi lan\u00e7ada atrav\u00e9s do selo, que tem uma parceria com a Interscope Records.<\/p>\n<h3>Cat\u00e1logo<\/h3>\n<p><strong>Matthew Morrison<br \/>\nRozzi Crane<br \/>\nDiego Boneta<br \/>\nTony Lucca<br \/>\nPolly A.<\/strong><\/p>\n","protected":false},"excerpt":{"rendered":"<p>Fundada em 2012, a 222 Records \u00e9 um sonho antigo de Adam Levine. &#8220;Come\u00e7ar a minha pr\u00f3pria gravadora \u00e9 t\u00eam sido um objetivo de longo prazo meu, e eu estou feliz de estar em um momento da minha carreira onde isso finalmente est\u00e1 acontecendo,&#8221; comemorou Adam durante o lan\u00e7amento. Tendo o ator e m\u00fasico Matthew [&hellip;]<\/p>\n","protected":false},"author":1,"featured_media":17346,"parent":22826,"menu_order":0,"comment_status":"closed","ping_status":"closed","template":"","meta":{"_themeisle_gutenberg_block_has_review":false,"footnotes":""},"class_list":["post-23196","page","type-page","status-publish","has-post-thumbnail","hentry"],"_links":{"self":[{"href":"https:\/\/www.maroon5br.com\/site\/wp-json\/wp\/v2\/pages\/23196","targetHints":{"allow":["GET"]}}],"collection":[{"href":"https:\/\/www.maroon5br.com\/site\/wp-json\/wp\/v2\/pages"}],"about":[{"href":"https:\/\/www.maroon5br.com\/site\/wp-json\/wp\/v2\/types\/page"}],"author":[{"embeddable":true,"href":"https:\/\/www.maroon5br.com\/site\/wp-json\/wp\/v2\/users\/1"}],"replies":[{"embeddable":true,"href":"https:\/\/www.maroon5br.com\/site\/wp-json\/wp\/v2\/comments?post=23196"}],"version-history":[{"count":1,"href":"https:\/\/www.maroon5br.com\/site\/wp-json\/wp\/v2\/pages\/23196\/revisions"}],"predecessor-version":[{"id":23198,"href":"https:\/\/www.maroon5br.com\/site\/wp-json\/wp\/v2\/pages\/23196\/revisions\/23198"}],"up":[{"embeddable":true,"href":"https:\/\/www.maroon5br.com\/site\/wp-json\/wp\/v2\/pages\/22826"}],"wp:featuredmedia":[{"embeddable":true,"href":"https:\/\/www.maroon5br.com\/site\/wp-json\/wp\/v2\/media\/17346"}],"wp:attachment":[{"href":"https:\/\/www.maroon5br.com\/site\/wp-json\/wp\/v2\/media?parent=23196"}],"curies":[{"name":"wp","href":"https:\/\/api.w.org\/{rel}","templated":true}]}}