{"id":3754,"date":"2009-01-31T12:04:05","date_gmt":"2009-01-31T15:04:05","guid":{"rendered":"http:\/\/www.maroon5br.com\/2009\/?page_id=3754"},"modified":"2025-09-13T13:50:04","modified_gmt":"2025-09-13T16:50:04","slug":"maroon5","status":"publish","type":"page","link":"https:\/\/www.maroon5br.com\/site\/maroon5\/","title":{"rendered":"Maroon 5"},"content":{"rendered":"<div id=\"ccchildpages-1\" class=\"ccchildpages ccflex  simple ccclearfix\"><div class=\"ccchildpage  ccodd ccpage-count-1 ccpage-id-4653 ccpage-bio ccpage-has-parent ccpage-pid-3754 ccpage-parent-maroon5\"><h3 class=\"ccpage_title\" title=\"Biografia\">Biografia<\/h3><div class=\"ccpages_excerpt\">Tudo come\u00e7ou com Adam Levine, Jesse Carmichael e Mickey Madden na \u00e9poca do colegial, em Los Angeles. Os jovens tinham 17 anos e um gosto em comum: a m\u00fasica. E com essa forma\u00e7\u00e3o iniciaram a banda chamada Kara\u2019s Flowers juntamente com Ryan Dusick.Um ano ap\u00f3s o seu primeiro show, em 1995, o grupo come\u00e7ou a...<\/div><p class=\"ccpages_more\"><a href=\"https:\/\/www.maroon5br.com\/site\/maroon5\/bio\/\"  title=\"Leia mais \u2026\">Leia mais \u2026<\/a><\/p><\/div><div class=\"ccchildpage  cceven ccpage-count-2 ccpage-id-3757 ccpage-discografia ccpage-has-parent ccpage-pid-3754 ccpage-parent-maroon5\"><h3 class=\"ccpage_title\" title=\"Discografia\">Discografia<\/h3><div class=\"ccpages_excerpt\"><\/div><p class=\"ccpages_more\"><a href=\"https:\/\/www.maroon5br.com\/site\/maroon5\/discografia\/\"  title=\"Leia mais \u2026\">Leia mais \u2026<\/a><\/p><div class=\"ccsubpages\"><ul><li class=\"page_item page-item-16682 page_item_has_children\"><a href=\"https:\/\/www.maroon5br.com\/site\/maroon5\/discografia\/albuns-de-estudio\/\">\u00c1lbuns de Est\u00fadio<\/a>\n<ul class='children'>\n\t<li class=\"page_item page-item-3832\"><a href=\"https:\/\/www.maroon5br.com\/site\/maroon5\/discografia\/albuns-de-estudio\/songs-about-jane\/\">Songs About Jane<\/a><\/li>\n\t<li class=\"page_item page-item-3861\"><a href=\"https:\/\/www.maroon5br.com\/site\/maroon5\/discografia\/albuns-de-estudio\/it-wont-be-soon-before-long\/\">It Won&#8217;t Be Soon Before Long<\/a><\/li>\n\t<li class=\"page_item page-item-5832\"><a href=\"https:\/\/www.maroon5br.com\/site\/maroon5\/discografia\/albuns-de-estudio\/hands-all-over\/\">Hands All Over<\/a><\/li>\n\t<li class=\"page_item page-item-9375\"><a href=\"https:\/\/www.maroon5br.com\/site\/maroon5\/discografia\/albuns-de-estudio\/overexposed\/\">Overexposed<\/a><\/li>\n\t<li class=\"page_item page-item-16010\"><a href=\"https:\/\/www.maroon5br.com\/site\/maroon5\/discografia\/albuns-de-estudio\/v\/\">V<\/a><\/li>\n\t<li class=\"page_item page-item-22798\"><a href=\"https:\/\/www.maroon5br.com\/site\/maroon5\/discografia\/albuns-de-estudio\/red-pill-blues\/\">Red Pill Blues<\/a><\/li>\n\t<li class=\"page_item page-item-26813\"><a href=\"https:\/\/www.maroon5br.com\/site\/maroon5\/discografia\/albuns-de-estudio\/jordi\/\">JORDI<\/a><\/li>\n\t<li class=\"page_item page-item-29970\"><a href=\"https:\/\/www.maroon5br.com\/site\/maroon5\/discografia\/albuns-de-estudio\/love-is-like\/\">Love Is Like<\/a><\/li>\n<\/ul>\n<\/li>\n<li class=\"page_item page-item-16687 page_item_has_children\"><a href=\"https:\/\/www.maroon5br.com\/site\/maroon5\/discografia\/coletaneas\/\">Colet\u00e2neas<\/a>\n<ul class='children'>\n\t<li class=\"page_item page-item-19617\"><a href=\"https:\/\/www.maroon5br.com\/site\/maroon5\/discografia\/coletaneas\/singles\/\">Singles<\/a><\/li>\n\t<li class=\"page_item page-item-3896\"><a href=\"https:\/\/www.maroon5br.com\/site\/maroon5\/discografia\/coletaneas\/012203-acoustic\/\">01.22.03 Acoustic<\/a><\/li>\n\t<li class=\"page_item page-item-3915\"><a href=\"https:\/\/www.maroon5br.com\/site\/maroon5\/discografia\/coletaneas\/live-friday-the-13th\/\">Live Friday The 13th<\/a><\/li>\n\t<li class=\"page_item page-item-3930\"><a href=\"https:\/\/www.maroon5br.com\/site\/maroon5\/discografia\/coletaneas\/call-and-response\/\">Call and Response<\/a><\/li>\n<\/ul>\n<\/li>\n<li class=\"page_item page-item-20234 page_item_has_children\"><a href=\"https:\/\/www.maroon5br.com\/site\/maroon5\/discografia\/karas-flowers\/\">Kara&#8217;s Flowers<\/a>\n<ul class='children'>\n\t<li class=\"page_item page-item-20220\"><a href=\"https:\/\/www.maroon5br.com\/site\/maroon5\/discografia\/karas-flowers\/we-like-digging\/\">&#8230;We Like Digging?<\/a><\/li>\n\t<li class=\"page_item page-item-20227\"><a href=\"https:\/\/www.maroon5br.com\/site\/maroon5\/discografia\/karas-flowers\/four-track-demonstrations\/\">Four Track Demonstrations<\/a><\/li>\n\t<li class=\"page_item page-item-3921\"><a href=\"https:\/\/www.maroon5br.com\/site\/maroon5\/discografia\/karas-flowers\/the-fourth-world\/\">The Fourth World<\/a><\/li>\n\t<li class=\"page_item page-item-20230\"><a href=\"https:\/\/www.maroon5br.com\/site\/maroon5\/discografia\/karas-flowers\/stagg-street-recordings\/\">Stagg Street Recordings<\/a><\/li>\n<\/ul>\n<\/li>\n<li class=\"page_item page-item-16690 page_item_has_children\"><a href=\"https:\/\/www.maroon5br.com\/site\/maroon5\/discografia\/projetos-paralelos\/\">Projetos Paralelos<\/a>\n<ul class='children'>\n\t<li class=\"page_item page-item-10270\"><a href=\"https:\/\/www.maroon5br.com\/site\/maroon5\/discografia\/projetos-paralelos\/1863-2\/\">1863<\/a><\/li>\n\t<li class=\"page_item page-item-21276\"><a href=\"https:\/\/www.maroon5br.com\/site\/maroon5\/discografia\/projetos-paralelos\/circuit-jerks-ep1\/\">Circuit Jerks &#8211; Ep1<\/a><\/li>\n\t<li class=\"page_item page-item-9644\"><a href=\"https:\/\/www.maroon5br.com\/site\/maroon5\/discografia\/projetos-paralelos\/jjamz\/\">JJAMZ: Suicide Pact<\/a><\/li>\n\t<li class=\"page_item page-item-9630\"><a href=\"https:\/\/www.maroon5br.com\/site\/maroon5\/discografia\/projetos-paralelos\/operation-aloha\/\">Operation Aloha<\/a><\/li>\n<\/ul>\n<\/li>\n<li class=\"page_item page-item-4635\"><a href=\"https:\/\/www.maroon5br.com\/site\/maroon5\/discografia\/colaboracoes\/\">Colabora\u00e7\u00f5es<\/a><\/li>\n<\/ul><\/div><\/div><div class=\"ccchildpage  ccodd ccpage-count-3 ccpage-id-9750 ccpage-turnes ccpage-has-parent ccpage-pid-3754 ccpage-parent-maroon5\"><h3 class=\"ccpage_title\" title=\"Turn\u00eas\">Turn\u00eas<\/h3><div class=\"ccpages_excerpt\"><\/div><p class=\"ccpages_more\"><a href=\"https:\/\/www.maroon5br.com\/site\/maroon5\/turnes\/\"  title=\"Leia mais \u2026\">Leia mais \u2026<\/a><\/p><div class=\"ccsubpages\"><ul><li class=\"page_item page-item-10028\"><a href=\"https:\/\/www.maroon5br.com\/site\/maroon5\/turnes\/jeep-world-outside-festival\/\">Jeep World Outside Festival<\/a><\/li>\n<li class=\"page_item page-item-9762\"><a href=\"https:\/\/www.maroon5br.com\/site\/maroon5\/turnes\/songs-about-jane-tour\/\">Songs About Jane Tour 2002\/2006<\/a><\/li>\n<li class=\"page_item page-item-9752\"><a href=\"https:\/\/www.maroon5br.com\/site\/maroon5\/turnes\/honda-civic-tour\/\">Honda Civic Tour 2005<\/a><\/li>\n<li class=\"page_item page-item-9764\"><a href=\"https:\/\/www.maroon5br.com\/site\/maroon5\/turnes\/it-wont-be-soon-before-long-tour\/\">It Won&#8217;t Be Soon Before Long Tour 2007\/2008<\/a><\/li>\n<li class=\"page_item page-item-9766\"><a href=\"https:\/\/www.maroon5br.com\/site\/maroon5\/turnes\/maroon-5-counting-crows-summer-tour-2008\/\">Maroon 5 \/ Counting Crows Summer Tour 2008<\/a><\/li>\n<li class=\"page_item page-item-9768\"><a href=\"https:\/\/www.maroon5br.com\/site\/maroon5\/turnes\/back-to-school-tour-2009\/\">Back To School Tour 2009<\/a><\/li>\n<li class=\"page_item page-item-9868\"><a href=\"https:\/\/www.maroon5br.com\/site\/maroon5\/turnes\/palm-trees-and-power-lines-tour-2010\/\">Palm Trees And Power Lines Tour 2010<\/a><\/li>\n<li class=\"page_item page-item-9770\"><a href=\"https:\/\/www.maroon5br.com\/site\/maroon5\/turnes\/hands-all-over-tour\/\">Hands All Over Tour 2010\/2011<\/a><\/li>\n<li class=\"page_item page-item-9772\"><a href=\"https:\/\/www.maroon5br.com\/site\/maroon5\/turnes\/maroon-5-train-summer-tour-2011\/\">Maroon 5 \/ Train Summer Tour 2011<\/a><\/li>\n<li class=\"page_item page-item-9774\"><a href=\"https:\/\/www.maroon5br.com\/site\/maroon5\/turnes\/overexposed-tour\/\">Overexposed World Tour 2012\/2013<\/a><\/li>\n<li class=\"page_item page-item-13735\"><a href=\"https:\/\/www.maroon5br.com\/site\/maroon5\/turnes\/honda-civic-tour-2013\/\">Honda Civic Tour 2013<\/a><\/li>\n<li class=\"page_item page-item-17349\"><a href=\"https:\/\/www.maroon5br.com\/site\/maroon5\/turnes\/v-world-tour-2015\/\">V World Tour 2015\/2016<\/a><\/li>\n<li class=\"page_item page-item-22436\"><a href=\"https:\/\/www.maroon5br.com\/site\/maroon5\/turnes\/m5ontheroad-tour-20162017\/\">#M5OnTheRoad Tour 2016\/2017<\/a><\/li>\n<li class=\"page_item page-item-23428\"><a href=\"https:\/\/www.maroon5br.com\/site\/maroon5\/turnes\/red-pill-blues-world-tour-2018\/\">Red Pill Blues World Tour 2018\/2019<\/a><\/li>\n<li class=\"page_item page-item-26579\"><a href=\"https:\/\/www.maroon5br.com\/site\/maroon5\/turnes\/2020-2022-tour\/\">2020\/2022 Tour<\/a><\/li>\n<li class=\"page_item page-item-28771\"><a href=\"https:\/\/www.maroon5br.com\/site\/maroon5\/turnes\/american-express-unstaged-maroon-5\/\">American Express Unstaged: Maroon 5<\/a><\/li>\n<li class=\"page_item page-item-27914\"><a href=\"https:\/\/www.maroon5br.com\/site\/maroon5\/turnes\/m5lv-a-residencia\/\">M5LV: A Resid\u00eancia<\/a><\/li>\n<li class=\"page_item page-item-30623\"><a href=\"https:\/\/www.maroon5br.com\/site\/maroon5\/turnes\/love-is-like-tour-2025\/\">Love is Like Tour 2025<\/a><\/li>\n<\/ul><\/div><\/div><div class=\"ccchildpage  cceven ccpage-count-4 ccpage-id-9685 ccpage-cinemaetv ccpage-has-parent ccpage-pid-3754 ccpage-parent-maroon5\"><h3 class=\"ccpage_title\" title=\"Cinema e TV\">Cinema e TV<\/h3><div class=\"ccpages_excerpt\"><\/div><p class=\"ccpages_more\"><a href=\"https:\/\/www.maroon5br.com\/site\/maroon5\/cinemaetv\/\"  title=\"Leia mais \u2026\">Leia mais \u2026<\/a><\/p><div class=\"ccsubpages\"><ul><li class=\"page_item page-item-25644\"><a href=\"https:\/\/www.maroon5br.com\/site\/maroon5\/cinemaetv\/songland\/\">Songland<\/a><\/li>\n<li class=\"page_item page-item-25101\"><a href=\"https:\/\/www.maroon5br.com\/site\/maroon5\/cinemaetv\/sugar-youtube-premium\/\">Sugar (YouTube Premium)<\/a><\/li>\n<li class=\"page_item page-item-16738 page_item_has_children\"><a href=\"https:\/\/www.maroon5br.com\/site\/maroon5\/cinemaetv\/the-voice\/\">The Voice<\/a>\n<ul class='children'>\n\t<li class=\"page_item page-item-7115\"><a href=\"https:\/\/www.maroon5br.com\/site\/maroon5\/cinemaetv\/the-voice\/nbc-the-voice\/\">The Voice &#8211; 1\u00aa Temporada<\/a><\/li>\n\t<li class=\"page_item page-item-8982\"><a href=\"https:\/\/www.maroon5br.com\/site\/maroon5\/cinemaetv\/the-voice\/the-voice-2a-temporada\/\">The Voice &#8211; 2\u00aa Temporada<\/a><\/li>\n\t<li class=\"page_item page-item-11334\"><a href=\"https:\/\/www.maroon5br.com\/site\/maroon5\/cinemaetv\/the-voice\/the-voice-3a-temporada\/\">The Voice &#8211; 3\u00aa Temporada<\/a><\/li>\n\t<li class=\"page_item page-item-13659\"><a href=\"https:\/\/www.maroon5br.com\/site\/maroon5\/cinemaetv\/the-voice\/the-voice-4a-temporada\/\">The Voice &#8211; 4\u00aa Temporada<\/a><\/li>\n\t<li class=\"page_item page-item-15068\"><a href=\"https:\/\/www.maroon5br.com\/site\/maroon5\/cinemaetv\/the-voice\/the-voice-5a-temporada\/\">The Voice &#8211; 5\u00aa Temporada<\/a><\/li>\n\t<li class=\"page_item page-item-16898\"><a href=\"https:\/\/www.maroon5br.com\/site\/maroon5\/cinemaetv\/the-voice\/the-voice-6a-temporada\/\">The Voice &#8211; 6\u00aa Temporada<\/a><\/li>\n\t<li class=\"page_item page-item-17367\"><a href=\"https:\/\/www.maroon5br.com\/site\/maroon5\/cinemaetv\/the-voice\/the-voice-7a-temporada\/\">The Voice &#8211; 7\u00aa Temporada<\/a><\/li>\n\t<li class=\"page_item page-item-18904\"><a href=\"https:\/\/www.maroon5br.com\/site\/maroon5\/cinemaetv\/the-voice\/the-voice-8a-temporada\/\">The Voice &#8211; 8\u00aa Temporada<\/a><\/li>\n\t<li class=\"page_item page-item-20238\"><a href=\"https:\/\/www.maroon5br.com\/site\/maroon5\/cinemaetv\/the-voice\/the-voice-9a-temporada\/\">The Voice &#8211; 9\u00aa Temporada<\/a><\/li>\n\t<li class=\"page_item page-item-21105\"><a href=\"https:\/\/www.maroon5br.com\/site\/maroon5\/cinemaetv\/the-voice\/the-voice-10a-temporada\/\">The Voice &#8211; 10\u00aa Temporada<\/a><\/li>\n\t<li class=\"page_item page-item-21112\"><a href=\"https:\/\/www.maroon5br.com\/site\/maroon5\/cinemaetv\/the-voice\/the-voice-11a-temporada\/\">The Voice &#8211; 11\u00aa Temporada<\/a><\/li>\n\t<li class=\"page_item page-item-22076\"><a href=\"https:\/\/www.maroon5br.com\/site\/maroon5\/cinemaetv\/the-voice\/the-voice-12a-temporada\/\">The Voice &#8211; 12\u00aa Temporada<\/a><\/li>\n\t<li class=\"page_item page-item-23123\"><a href=\"https:\/\/www.maroon5br.com\/site\/maroon5\/cinemaetv\/the-voice\/the-voice-13a-temporada\/\">The Voice &#8211; 13\u00aa Temporada<\/a><\/li>\n\t<li class=\"page_item page-item-24075\"><a href=\"https:\/\/www.maroon5br.com\/site\/maroon5\/cinemaetv\/the-voice\/the-voice-14a-temporada\/\">The Voice &#8211; 14\u00aa Temporada<\/a><\/li>\n\t<li class=\"page_item page-item-24645\"><a href=\"https:\/\/www.maroon5br.com\/site\/maroon5\/cinemaetv\/the-voice\/the-voice-15a-temporada\/\">The Voice &#8211; 15\u00aa Temporada<\/a><\/li>\n\t<li class=\"page_item page-item-25612\"><a href=\"https:\/\/www.maroon5br.com\/site\/maroon5\/cinemaetv\/the-voice\/the-voice-16a-temporada\/\">The Voice &#8211; 16\u00aa Temporada<\/a><\/li>\n<\/ul>\n<\/li>\n<li class=\"page_item page-item-23803 page_item_has_children\"><a href=\"https:\/\/www.maroon5br.com\/site\/maroon5\/cinemaetv\/televisao\/\">Televis\u00e3o<\/a>\n<ul class='children'>\n\t<li class=\"page_item page-item-9701\"><a href=\"https:\/\/www.maroon5br.com\/site\/maroon5\/cinemaetv\/televisao\/beverly-hills-90210\/\">Beverly Hills 90210<\/a><\/li>\n\t<li class=\"page_item page-item-9699\"><a href=\"https:\/\/www.maroon5br.com\/site\/maroon5\/cinemaetv\/televisao\/csiny\/\">CSI:NY<\/a><\/li>\n\t<li class=\"page_item page-item-10475\"><a href=\"https:\/\/www.maroon5br.com\/site\/maroon5\/cinemaetv\/televisao\/american-horror-story\/\">American Horror Story<\/a><\/li>\n\t<li class=\"page_item page-item-9703\"><a href=\"https:\/\/www.maroon5br.com\/site\/maroon5\/cinemaetv\/televisao\/the-haney-project\/\">The Haney Project<\/a><\/li>\n<\/ul>\n<\/li>\n<li class=\"page_item page-item-23799 page_item_has_children\"><a href=\"https:\/\/www.maroon5br.com\/site\/maroon5\/cinemaetv\/cinema\/\">Cinema<\/a>\n<ul class='children'>\n\t<li class=\"page_item page-item-22476\"><a href=\"https:\/\/www.maroon5br.com\/site\/maroon5\/cinemaetv\/cinema\/fun-mom-dinner\/\">Fun Mom Dinner<\/a><\/li>\n\t<li class=\"page_item page-item-23797\"><a href=\"https:\/\/www.maroon5br.com\/site\/maroon5\/cinemaetv\/cinema\/the-clapper\/\">The Clapper<\/a><\/li>\n\t<li class=\"page_item page-item-10570\"><a href=\"https:\/\/www.maroon5br.com\/site\/maroon5\/cinemaetv\/cinema\/begin-again\/\">Begin Again<\/a><\/li>\n<\/ul>\n<\/li>\n<\/ul><\/div><\/div><div class=\"ccchildpage  ccodd ccpage-count-5 ccpage-id-22826 ccpage-projetos ccpage-has-parent ccpage-pid-3754 ccpage-parent-maroon5\"><h3 class=\"ccpage_title\" title=\"Projetos\">Projetos<\/h3><div class=\"ccpages_excerpt\"><\/div><p class=\"ccpages_more\"><a href=\"https:\/\/www.maroon5br.com\/site\/maroon5\/projetos\/\"  title=\"Leia mais \u2026\">Leia mais \u2026<\/a><\/p><div class=\"ccsubpages\"><ul><li class=\"page_item page-item-23200\"><a href=\"https:\/\/www.maroon5br.com\/site\/maroon5\/projetos\/222-by-first-act\/\">222 by First Act<\/a><\/li>\n<li class=\"page_item page-item-23196\"><a href=\"https:\/\/www.maroon5br.com\/site\/maroon5\/projetos\/222-records\/\">222 Records<\/a><\/li>\n<li class=\"page_item page-item-22845\"><a href=\"https:\/\/www.maroon5br.com\/site\/maroon5\/projetos\/adam-levine-collection\/\">Adam Levine Collection<\/a><\/li>\n<li class=\"page_item page-item-27596\"><a href=\"https:\/\/www.maroon5br.com\/site\/maroon5\/projetos\/calirosa\/\">Calirosa<\/a><\/li>\n<li class=\"page_item page-item-22830\"><a href=\"https:\/\/www.maroon5br.com\/site\/maroon5\/projetos\/snapple\/\">Maroon 5 + Snapple<\/a><\/li>\n<li class=\"page_item page-item-22820\"><a href=\"https:\/\/www.maroon5br.com\/site\/maroon5\/projetos\/santo-mezquila\/\">Santo Mezquila<\/a><\/li>\n<li class=\"page_item page-item-22828\"><a href=\"https:\/\/www.maroon5br.com\/site\/maroon5\/projetos\/valentine\/\">Valentine<\/a><\/li>\n<li class=\"page_item page-item-13063\"><a href=\"https:\/\/www.maroon5br.com\/site\/maroon5\/projetos\/perfume-adam-levine-2013\/\">Perfume Adam Levine<\/a><\/li>\n<\/ul><\/div><\/div><div class=\"ccchildpage  cceven ccpage-count-6 ccpage-id-4650 ccpage-premios ccpage-has-parent ccpage-pid-3754 ccpage-parent-maroon5\"><h3 class=\"ccpage_title\" title=\"Pr\u00eamios\">Pr\u00eamios<\/h3><div class=\"ccpages_excerpt\">2020 \u2022 GRAMMY Awards - Melhor m\u00fasica R&amp;B por \"Say So\", de PJ Morton com Jojo. 2019 \u2022 GRAMMY Awards - Performance Tradicional de R&amp;B por \"How Deep Is Your Love\", de PJ Morton com Yebba. 2017 \u2022 Teen Choice Awards (EUA) - Decade Award\u2022 Gaon Chart Music Awards (Cor\u00e9ia) - M\u00fasica Internacional do Ano...<\/div><p class=\"ccpages_more\"><a href=\"https:\/\/www.maroon5br.com\/site\/maroon5\/premios\/\"  title=\"Leia mais \u2026\">Leia mais \u2026<\/a><\/p><\/div><\/div>\n\n\n\n<p><\/p>\n","protected":false},"excerpt":{"rendered":"","protected":false},"author":1,"featured_media":19457,"parent":0,"menu_order":1,"comment_status":"closed","ping_status":"closed","template":"child-pages.php","meta":{"_themeisle_gutenberg_block_has_review":false,"footnotes":""},"class_list":["post-3754","page","type-page","status-publish","has-post-thumbnail","hentry"],"_links":{"self":[{"href":"https:\/\/www.maroon5br.com\/site\/wp-json\/wp\/v2\/pages\/3754","targetHints":{"allow":["GET"]}}],"collection":[{"href":"https:\/\/www.maroon5br.com\/site\/wp-json\/wp\/v2\/pages"}],"about":[{"href":"https:\/\/www.maroon5br.com\/site\/wp-json\/wp\/v2\/types\/page"}],"author":[{"embeddable":true,"href":"https:\/\/www.maroon5br.com\/site\/wp-json\/wp\/v2\/users\/1"}],"replies":[{"embeddable":true,"href":"https:\/\/www.maroon5br.com\/site\/wp-json\/wp\/v2\/comments?post=3754"}],"version-history":[{"count":43,"href":"https:\/\/www.maroon5br.com\/site\/wp-json\/wp\/v2\/pages\/3754\/revisions"}],"predecessor-version":[{"id":30477,"href":"https:\/\/www.maroon5br.com\/site\/wp-json\/wp\/v2\/pages\/3754\/revisions\/30477"}],"wp:featuredmedia":[{"embeddable":true,"href":"https:\/\/www.maroon5br.com\/site\/wp-json\/wp\/v2\/media\/19457"}],"wp:attachment":[{"href":"https:\/\/www.maroon5br.com\/site\/wp-json\/wp\/v2\/media?parent=3754"}],"curies":[{"name":"wp","href":"https:\/\/api.w.org\/{rel}","templated":true}]}}