{"id":3915,"date":"2009-02-02T16:15:24","date_gmt":"2009-02-02T19:15:24","guid":{"rendered":"http:\/\/www.maroon5br.com\/2009\/?page_id=3915"},"modified":"2017-06-10T23:09:58","modified_gmt":"2017-06-11T02:09:58","slug":"live-friday-the-13th","status":"publish","type":"page","link":"https:\/\/www.maroon5br.com\/site\/maroon5\/discografia\/coletaneas\/live-friday-the-13th\/","title":{"rendered":"Live Friday The 13th"},"content":{"rendered":"<p>Live Friday the 13th foi o primeiro registro em DVD da carreira do Maroon 5, e foi gravado no \u00faltimo dia da turn\u00ea Honda Civic Tour 2005, a qual a banda foi a atra\u00e7\u00e3o principal.O Show foi gravado no dia 13 de Maio de 2005, no Santa Barbara Bowl, em Santa Barbara, e trouxe novidades na setlist como o cover de \u201cHello\u201d do Oasis e a in\u00e9dita \u201cWasted Years\u201d. <\/p>\n<p> A grava\u00e7\u00e3o rendeu o segundo Grammy da carreira da banda, pela grava\u00e7\u00e3o do hit \u201cThis Love\u201d, em 2006.<\/p>\n<h3>Tracklist<\/h3>\n<ul class=\"album-tracklist\">\n<li>1. Shiver<\/li>\n<li>2. Through With You<\/li>\n<li>3. Tangled<\/li>\n<li>4. Harder To Breathe<\/li>\n<li>5. The Sun<\/li>\n<li>6. Wasted Years<\/li>\n<li>7. Secret<\/li>\n<li>8. Not Coming Home<\/li>\n<li>9. This Love<\/li>\n<li>10. Must Get Out<\/li>\n<li>11. Sunday Morning<\/li>\n<li>12. Sweetest Goodbye<\/li>\n<li>13. Hello<\/li>\n<li>14. She Will Be Loved<\/li>\n<\/ul>\n<h3>Curiosidades<\/h3>\n<ul class=\"album-conteudo\">\n<li>No show, o baterista Ryan Dusick j\u00e1 havia sido substituido por Matt Flynn, devido aos seus problemas de saude que o impediam de tocar na turn\u00ea, mas permanecia como backing vocal.<\/li>\n<li>No mesmo dia da grava\u00e7\u00e3o do DVD, tamb\u00e9m era comemorado o anivers\u00e1rio do baixista Mickey Madden.<\/li>\n<li>A apresenta\u00e7\u00e3o de \u201cMust Get Out\u201d do DVD virou o clipe da can\u00e7\u00e3o, que encerrava a divulga\u00e7\u00e3o do \u00e1lbum Songs About Jane.<\/li>\n<\/ul>\n","protected":false},"excerpt":{"rendered":"<p>Live Friday the 13th foi o primeiro registro em DVD da carreira do Maroon 5, e foi gravado no \u00faltimo dia da turn\u00ea Honda Civic Tour 2005, a qual a banda foi a atra\u00e7\u00e3o principal.O Show foi gravado no dia 13 de Maio de 2005, no Santa Barbara Bowl, em Santa Barbara, e trouxe novidades [&hellip;]<\/p>\n","protected":false},"author":1,"featured_media":16270,"parent":16687,"menu_order":3,"comment_status":"closed","ping_status":"closed","template":"cds.php","meta":{"_themeisle_gutenberg_block_has_review":false,"footnotes":""},"class_list":["post-3915","page","type-page","status-publish","has-post-thumbnail","hentry"],"_links":{"self":[{"href":"https:\/\/www.maroon5br.com\/site\/wp-json\/wp\/v2\/pages\/3915","targetHints":{"allow":["GET"]}}],"collection":[{"href":"https:\/\/www.maroon5br.com\/site\/wp-json\/wp\/v2\/pages"}],"about":[{"href":"https:\/\/www.maroon5br.com\/site\/wp-json\/wp\/v2\/types\/page"}],"author":[{"embeddable":true,"href":"https:\/\/www.maroon5br.com\/site\/wp-json\/wp\/v2\/users\/1"}],"replies":[{"embeddable":true,"href":"https:\/\/www.maroon5br.com\/site\/wp-json\/wp\/v2\/comments?post=3915"}],"version-history":[{"count":20,"href":"https:\/\/www.maroon5br.com\/site\/wp-json\/wp\/v2\/pages\/3915\/revisions"}],"predecessor-version":[{"id":16679,"href":"https:\/\/www.maroon5br.com\/site\/wp-json\/wp\/v2\/pages\/3915\/revisions\/16679"}],"up":[{"embeddable":true,"href":"https:\/\/www.maroon5br.com\/site\/wp-json\/wp\/v2\/pages\/16687"}],"wp:featuredmedia":[{"embeddable":true,"href":"https:\/\/www.maroon5br.com\/site\/wp-json\/wp\/v2\/media\/16270"}],"wp:attachment":[{"href":"https:\/\/www.maroon5br.com\/site\/wp-json\/wp\/v2\/media?parent=3915"}],"curies":[{"name":"wp","href":"https:\/\/api.w.org\/{rel}","templated":true}]}}