{"id":4905,"date":"2009-11-11T21:43:34","date_gmt":"2009-11-12T00:43:34","guid":{"rendered":"http:\/\/www.maroon5br.com\/?page_id=4905"},"modified":"2022-12-13T19:47:17","modified_gmt":"2022-12-13T22:47:17","slug":"maroon-5-no-brasil","status":"publish","type":"page","link":"https:\/\/www.maroon5br.com\/site\/especiais\/hotsites\/maroon-5-no-brasil\/","title":{"rendered":"Maroon 5 no Brasil 2008"},"content":{"rendered":"<h3>O show<\/h3>\n<p>Em Novembro de 2008 aconteciam no Rio de Janeiro, Belo Horizonte e S\u00e3o Paulo, os 3 shows brasileiros da etapa Latino Americana da It Won&#8217;t Be Soon Before Long World Tour, turn\u00ea mundial de divulga\u00e7\u00e3o do segundo \u00e1lbum do Maroon 5.<\/p>\n<p>Com cerca de 1 hora e meia de dura\u00e7\u00e3o, os shows foram repletos dos maiores sucessos dos dois \u00e1lbuns da banda, Songs About Jane e It Won&#8217;t Be Soon Before Long. Foi a segunda passagem da banda pelo pa\u00eds, mas a primeira com uma turn\u00ea (A primeira foi em 2004, para divulgar o \u00e1lbum de estr\u00e9ia). Nesta p\u00e1gina especial, conhe\u00e7a os principais detalhes do show e relembre o momento atrav\u00e9s de algumas imagens e v\u00eddeos.<\/p>\n<h3>Setlist<\/h3>\n<p style=\"text-align: center;\">This Love<br \/>\nMakes Me Wonder<br \/>\nIf I Never See Your Face Again<br \/>\nSecret<br \/>\nThe Sun<br \/>\nShiver<br \/>\nShe Will Be Loved<br \/>\nTangled<br \/>\nWake Up Call<br \/>\nWon&#8217;t Go Home Without You<br \/>\nHarder to Breath<br \/>\nSweetest Goodbye<\/p>\n<h3>Datas<\/h3>\n<blockquote>\n<p style=\"text-align: center;\"><strong>07 de Novembro de 2008 &#8211; Rio de Janeiro<\/strong><br \/>\nHSBC Arena<\/p>\n<\/blockquote>\n<blockquote>\n<p style=\"text-align: center;\"><strong>08 de Novembro de 2008 &#8211; Belo Horizonte<\/strong><br \/>\nFestival Pop Rock Brasil<\/p>\n<\/blockquote>\n<blockquote>\n<p style=\"text-align: center;\"><strong>09 de Novembro de 2008 &#8211; S\u00e3o Paulo<\/strong><br \/>\nVia Funchal<\/p>\n<\/blockquote>\n<h3>Curiosidades<\/h3>\n<p>Durante a apresenta\u00e7\u00e3o de Wake Up Call em S\u00e3o Paulo, Adam Levine escorregou e caiu de bunda no palco. \u201cVoc\u00eas viram que eu ca\u00ed de bunda. Isso nunca me aconteceu antes. Mas fico feliz que eu tenha ca\u00eddo de bunda em S\u00e3o Paulo\u201d, brincou o vocalista durante o show.<\/p>\n<p>O Maroon 5 Brasil organizou uma promo\u00e7\u00e3o que levou 3 f\u00e3s (e um acompanhante cada) para conhecer a banda no camarim antes do show.<\/p>\n<p>O Show do Maroon 5 em Belo Horizonte foi como parte do festival PopRock Brasil, que tamb\u00e9m contou com apresenta\u00e7\u00f5es de Offspring e REM.<\/p>\n","protected":false},"excerpt":{"rendered":"<p>O show Em Novembro de 2008 aconteciam no Rio de Janeiro, Belo Horizonte e S\u00e3o Paulo, os 3 shows brasileiros da etapa Latino Americana da It Won&#8217;t Be Soon Before Long World Tour, turn\u00ea mundial de divulga\u00e7\u00e3o do segundo \u00e1lbum do Maroon 5. Com cerca de 1 hora e meia de dura\u00e7\u00e3o, os shows foram [&hellip;]<\/p>\n","protected":false},"author":1,"featured_media":16348,"parent":12506,"menu_order":1,"comment_status":"closed","ping_status":"closed","template":"","meta":{"_themeisle_gutenberg_block_has_review":false,"footnotes":""},"class_list":["post-4905","page","type-page","status-publish","has-post-thumbnail","hentry"],"_links":{"self":[{"href":"https:\/\/www.maroon5br.com\/site\/wp-json\/wp\/v2\/pages\/4905","targetHints":{"allow":["GET"]}}],"collection":[{"href":"https:\/\/www.maroon5br.com\/site\/wp-json\/wp\/v2\/pages"}],"about":[{"href":"https:\/\/www.maroon5br.com\/site\/wp-json\/wp\/v2\/types\/page"}],"author":[{"embeddable":true,"href":"https:\/\/www.maroon5br.com\/site\/wp-json\/wp\/v2\/users\/1"}],"replies":[{"embeddable":true,"href":"https:\/\/www.maroon5br.com\/site\/wp-json\/wp\/v2\/comments?post=4905"}],"version-history":[{"count":38,"href":"https:\/\/www.maroon5br.com\/site\/wp-json\/wp\/v2\/pages\/4905\/revisions"}],"predecessor-version":[{"id":22772,"href":"https:\/\/www.maroon5br.com\/site\/wp-json\/wp\/v2\/pages\/4905\/revisions\/22772"}],"up":[{"embeddable":true,"href":"https:\/\/www.maroon5br.com\/site\/wp-json\/wp\/v2\/pages\/12506"}],"wp:featuredmedia":[{"embeddable":true,"href":"https:\/\/www.maroon5br.com\/site\/wp-json\/wp\/v2\/media\/16348"}],"wp:attachment":[{"href":"https:\/\/www.maroon5br.com\/site\/wp-json\/wp\/v2\/media?parent=4905"}],"curies":[{"name":"wp","href":"https:\/\/api.w.org\/{rel}","templated":true}]}}