{"id":9630,"date":"2012-05-12T21:40:22","date_gmt":"2012-05-13T00:40:22","guid":{"rendered":"http:\/\/www.maroon5br.com\/?page_id=9630"},"modified":"2014-08-21T14:22:10","modified_gmt":"2014-08-21T17:22:10","slug":"operation-aloha","status":"publish","type":"page","link":"https:\/\/www.maroon5br.com\/site\/maroon5\/discografia\/projetos-paralelos\/operation-aloha\/","title":{"rendered":"Operation Aloha"},"content":{"rendered":"<p>Em 2009, o fot\u00f3grafo Christopher Wray-McCann decidiu reunir 14 amigos m\u00fasicos &#8211; entre eles alguns integrantes das bandas Gomez, Phantom Planet e Maroon 5 &#8211; para largar seus celulares e suas intensas agendas, e passar um m\u00eas em Maui, no Hava\u00ed, com seus instrumentos musicais e ver o que acontecia.<\/p>\n<p>Batizado Operation Aloha, o projeto resultou em um \u00e1lbum hom\u00f4nimo, composto por 14 m\u00fasicas que exalam a atmosfera paradis\u00edaca do lugar, entre elas as faixas &#8220;Elephant Pharmacy&#8221; e &#8220;Failure&#8221;, que ganhou um clipe.<\/p>\n<h3>Integrantes<\/h3>\n<p>Dajon Everett (Gomez)<br \/>\nIan Ball (Gomez)<br \/>\nOlly Peacock (Gomez)<br \/>\nJames Valentine (Maroon 5)<br \/>\nJesse Carmichael (Maroon 5)<br \/>\nSam Farrar (Phantom Planet)<br \/>\nFil Krohnengold (All Spots To Black)<br \/>\nNadav Kahn (Kahn Brothers)<br \/>\nCharles Danek<br \/>\nMathew Chaney<br \/>\nMaureen Wray-McCann<br \/>\nSaam Gabbay<br \/>\nWill Nash<br \/>\nChristopher Wray-McCann (Photographer)<\/p>\n<h3>Tracklist<\/h3>\n<ul class=\"album-tracklist\">\n<li>1.Ika Pona<\/li>\n<li>2.Failure<\/li>\n<li>3.Elephant Pharmacy<\/li>\n<li>4.Phone Booth<\/li>\n<li>5.Disappointed Type<\/li>\n<li>6.Rain<\/li>\n<li>7.Secret Song<\/li>\n<li>8.Hat<\/li>\n<li>9.Intercepted<\/li>\n<li>10.Blue Eyed Son<\/li>\n<li>11.Akoha<\/li>\n<li>12.Waltzing Matilda<\/li>\n<li>13.That Pier<\/li>\n<li>14&#8230;.<\/li>\n<\/ul>\n<h3>Curiosidades<\/h3>\n<ul class=\"album-conteudo\">\n<li>Site oficial: <a href=\"http:\/\/operationaloha.org\">http:\/\/operationaloha.org<\/a><\/li>\n<\/ul>\n","protected":false},"excerpt":{"rendered":"<p>Em 2009, o fot\u00f3grafo Christopher Wray-McCann decidiu reunir 14 amigos m\u00fasicos &#8211; entre eles alguns integrantes das bandas Gomez, Phantom Planet e Maroon 5 &#8211; para largar seus celulares e suas intensas agendas, e passar um m\u00eas em Maui, no Hava\u00ed, com seus instrumentos musicais e ver o que acontecia. Batizado Operation Aloha, o projeto [&hellip;]<\/p>\n","protected":false},"author":1,"featured_media":16274,"parent":16690,"menu_order":0,"comment_status":"closed","ping_status":"closed","template":"cds.php","meta":{"_themeisle_gutenberg_block_has_review":false,"footnotes":""},"class_list":["post-9630","page","type-page","status-publish","has-post-thumbnail","hentry"],"_links":{"self":[{"href":"https:\/\/www.maroon5br.com\/site\/wp-json\/wp\/v2\/pages\/9630","targetHints":{"allow":["GET"]}}],"collection":[{"href":"https:\/\/www.maroon5br.com\/site\/wp-json\/wp\/v2\/pages"}],"about":[{"href":"https:\/\/www.maroon5br.com\/site\/wp-json\/wp\/v2\/types\/page"}],"author":[{"embeddable":true,"href":"https:\/\/www.maroon5br.com\/site\/wp-json\/wp\/v2\/users\/1"}],"replies":[{"embeddable":true,"href":"https:\/\/www.maroon5br.com\/site\/wp-json\/wp\/v2\/comments?post=9630"}],"version-history":[{"count":12,"href":"https:\/\/www.maroon5br.com\/site\/wp-json\/wp\/v2\/pages\/9630\/revisions"}],"predecessor-version":[{"id":16673,"href":"https:\/\/www.maroon5br.com\/site\/wp-json\/wp\/v2\/pages\/9630\/revisions\/16673"}],"up":[{"embeddable":true,"href":"https:\/\/www.maroon5br.com\/site\/wp-json\/wp\/v2\/pages\/16690"}],"wp:featuredmedia":[{"embeddable":true,"href":"https:\/\/www.maroon5br.com\/site\/wp-json\/wp\/v2\/media\/16274"}],"wp:attachment":[{"href":"https:\/\/www.maroon5br.com\/site\/wp-json\/wp\/v2\/media?parent=9630"}],"curies":[{"name":"wp","href":"https:\/\/api.w.org\/{rel}","templated":true}]}}