{"id":9774,"date":"2012-05-19T12:59:17","date_gmt":"2012-05-19T15:59:17","guid":{"rendered":"http:\/\/www.maroon5br.com\/?page_id=9774"},"modified":"2017-06-15T19:31:01","modified_gmt":"2017-06-15T22:31:01","slug":"overexposed-tour","status":"publish","type":"page","link":"https:\/\/www.maroon5br.com\/site\/maroon5\/turnes\/overexposed-tour\/","title":{"rendered":"Overexposed World Tour 2012\/2013"},"content":{"rendered":"<h3>A turn\u00ea<\/h3>\n<p>Em 2012 o Maroon 5 lan\u00e7ou seu quarto \u00e1lbum de est\u00fadio, Overexposed, e com ele a banda d\u00e1 in\u00edcio \u00e0 sua quarta turn\u00ea mundial (e a d\u00e9cima da carreira). \u00a0Devido \u00e0 conflitos na agenda gerados pelas grava\u00e7\u00f5es da terceira temporada do The Voice, a banda decidiu come\u00e7ar a nova temporada de shows pela Am\u00e9rica Latina e \u00a0\u00c1sia.<\/p>\n<p>Com as bandas Keane, The Cab e Evermore como convidadas especiais, a turn\u00ea se mostrou um sucesso absoluto antes mesmo de come\u00e7ar, com ingressos se esgotando em menos de 24 horas.<\/p>\n<p>Enquanto passava pela Am\u00e9rica Latina, a banda fez tr\u00eas apresenta\u00e7\u00f5es no Brasil, em Curitiba, Rio de Janeiro e S\u00e3o Paulo. O primeiro show, que aconteceu no Expotrade, em Curitiba, sofreu um atraso de tr\u00eas horas para come\u00e7ar, devido a um problema de log\u00edstica com o equipamento da banda, que ficou preso na alf\u00e2ndega. Por conta do atraso Javier Colon, vencedor da primeira temporada do The Voice e n\u00famero de abertura da banda, n\u00e3o se apresentou na noite. Os shows seguintes, no Rio de Janeiro e S\u00e3o Paulo, correram sem maiores contratempos, com n\u00fameros de abertura de Javier Col\u00f3n e da banda Inglesa Keane.<\/p>\n<p>Em 2013, o Maroon 5 deu continuidade \u00e0 turn\u00ea em solo americano e tamb\u00e9m europeu, contando com Owl City e Neon Trees como n\u00fameros de abertura.<\/p>\n<h3>Setlist<\/h3>\n<blockquote>\n<p style=\"text-align: center;\">1. Payphone<br \/>\n2. Makes Me Wonder<br \/>\n3. Lucky Strike<br \/>\n4. Sunday Morning<br \/>\n5. If I Never See Your Face Again<br \/>\n6. Wipe Your Eyes<br \/>\n7. Won&#8217;t Go Home Without You<br \/>\n8. Harder to Breathe<br \/>\n9. Wake Up Call<br \/>\n10. The Bed&#8217;s Too Big Without You (cover do Police)<br \/>\n11. One More Night<br \/>\n12. Hands All Over<br \/>\n13. Misery<br \/>\n14. This Love<\/p>\n<p style=\"text-align: center;\"><strong>Encore:<\/strong><br \/>\n15. Seven Nation Army (Cover do White Stripes)<br \/>\n16. She Will Be Loved<br \/>\n17. Stereo Hearts<br \/>\n18. Daylight<br \/>\n19. Don&#8217;t You Want Me (Cover do Human League) \/ Sexy Back (Cover de Justin Timberlake)<br \/>\n20. Moves Like Jagger<\/p>\n<\/blockquote>\n<h3>Poster oficial<\/h3>\n<p style=\"text-align: center;\"><img loading=\"lazy\" decoding=\"async\" data-id=\"16853\"  src=\"https:\/\/www.maroon5br.com\/site\/wp-content\/uploads\/2012\/05\/ot-poster.png\" alt=\"ot-poster\" width=\"450\" height=\"625\" class=\"alignnone size-full wp-image-16853\" srcset=\"https:\/\/www.maroon5br.com\/site\/wp-content\/uploads\/2012\/05\/ot-poster.png 450w, https:\/\/www.maroon5br.com\/site\/wp-content\/uploads\/2012\/05\/ot-poster-108x150.png 108w, https:\/\/www.maroon5br.com\/site\/wp-content\/uploads\/2012\/05\/ot-poster-216x300.png 216w, https:\/\/www.maroon5br.com\/site\/wp-content\/uploads\/2012\/05\/ot-poster-274x380.png 274w\" sizes=\"auto, (max-width: 450px) 100vw, 450px\" \/><\/p>\n<h3>Datas<\/h3>\n<table>\n<tbody>\n<tr bgcolor=\"#CCCCCC\">\n<th rowspan=\"1\" width=\"150\">Datas<\/th>\n<th rowspan=\"1\" width=\"180\">Cidade<\/th>\n<th rowspan=\"1\" width=\"170\">Pa\u00eds<\/th>\n<th rowspan=\"1\" width=\"230\">Local<\/th>\n<\/tr>\n<tr>\n<th colspan=\"5\" align=\"center\"><strong>Am\u00e9rica do Norte<\/strong><\/th>\n<\/tr>\n<tr>\n<td>14 de agosto\u00a0de\u00a02012<\/td>\n<td>Monterrey<\/td>\n<td>M\u00e9xico<\/td>\n<td>Arena Monterrey<\/td>\n<\/tr>\n<tr>\n<td>16 de agosto\u00a0de\u00a02012<\/td>\n<td>Cidade do M\u00e9xico<\/td>\n<td>M\u00e9xico<\/td>\n<td>Arena Ciudad de Mexico<\/td>\n<\/tr>\n<tr>\n<td>17 de agosto\u00a0de\u00a02012<\/td>\n<td>Guadalajara<\/td>\n<td>M\u00e9xico<\/td>\n<td>Auditorio Telmex<\/td>\n<\/tr>\n<tr>\n<td>21 de agosto\u00a0de\u00a02012<\/td>\n<td>Cidade do M\u00e9xico<\/td>\n<td>M\u00e9xico<\/td>\n<td>Arena Ciudad de Mexico<\/td>\n<\/tr>\n<tr>\n<th colspan=\"5\" align=\"center\">Am\u00e9rica do Sul<\/th>\n<\/tr>\n<tr>\n<td>24 de agosto\u00a0de\u00a02012<\/td>\n<td>Curitiba<\/td>\n<td>Brasil<\/td>\n<td>Expotrade<\/td>\n<\/tr>\n<tr>\n<td>25 de agosto\u00a0de\u00a02012<\/td>\n<td>Rio de Janeiro<\/td>\n<td>Brasil<\/td>\n<td>HSBC Arena<\/td>\n<\/tr>\n<tr>\n<td>26 de agosto\u00a0de\u00a02012<\/td>\n<td>S\u00e3o Paulo<\/td>\n<td>Brasil<\/td>\n<td>Arena Anhembi<\/td>\n<\/tr>\n<tr>\n<td>28 de Agosto\u00a0de\u00a02012<\/td>\n<td>Lima<\/td>\n<td>Peru<\/td>\n<td>Est\u00e1dio Monumental<\/td>\n<\/tr>\n<tr>\n<td>29 de Agosto\u00a0de\u00a02012<\/td>\n<td>Santiago<\/td>\n<td>Chile<\/td>\n<td>Movistar Arena<\/td>\n<\/tr>\n<tr>\n<td>31 de Agosto\u00a0de\u00a02012<\/td>\n<td>Buenos Aires<\/td>\n<td>Argentina<\/td>\n<td>Est\u00e1dio Ferro<\/td>\n<\/tr>\n<tr>\n<td>01 de Setembro\u00a0de\u00a02012<\/td>\n<td>Assun\u00e7\u00e3o<\/td>\n<td>Paraguai<\/td>\n<td>Jockey Club del Paraguay<\/td>\n<\/tr>\n<tr>\n<th colspan=\"5\">\u00c1sia<\/th>\n<\/tr>\n<tr>\n<td>14 de setembro\u00a0de\u00a02012<\/td>\n<td>Busan<\/td>\n<td>Coreia do Sul<\/td>\n<td>Sajik Arena<\/td>\n<\/tr>\n<tr>\n<td>15 de setembro\u00a0de\u00a02012<\/td>\n<td>Seoul<\/td>\n<td>Coreia do Sul<\/td>\n<td>Jamsil Sports Complex<\/td>\n<\/tr>\n<tr>\n<td>18 de setembro\u00a0de\u00a02012<\/td>\n<td>Manila<\/td>\n<td>Filipinas<\/td>\n<td>Araneta Coliseum<\/td>\n<\/tr>\n<tr>\n<td>20 de setembro\u00a0de\u00a02012<\/td>\n<td>Kuala Lumpur<\/td>\n<td>Mal\u00e1sia<\/td>\n<td>Est\u00e1dio Shah Alam<\/td>\n<\/tr>\n<tr>\n<td>22 de setembro\u00a0de\u00a02012<\/td>\n<td>Singapura<\/td>\n<td>Singapura<\/td>\n<td>Fort Canning Park<\/td>\n<\/tr>\n<tr>\n<td>27 de setembro\u00a0de\u00a02012<\/td>\n<td>Hong Kong<\/td>\n<td>Hong Kong<\/td>\n<td>Asia World Arena<\/td>\n<\/tr>\n<tr>\n<td>29 de setembro\u00a0de\u00a02012<\/td>\n<td>Taipei<\/td>\n<td>Taiwan<\/td>\n<td>Nangang Hall<\/td>\n<\/tr>\n<tr>\n<td>02 de outubro\u00a0de\u00a02012<\/td>\n<td>T\u00f3quio<\/td>\n<td>Jap\u00e3o<\/td>\n<td>Budokan Hall<\/td>\n<\/tr>\n<tr>\n<td>04 de outubro\u00a0de\u00a02012<\/td>\n<td>Jakarta<\/td>\n<td>Indon\u00e9sia<\/td>\n<td>Istora Senayan<\/td>\n<\/tr>\n<tr>\n<td>05 de outubro\u00a0de\u00a02012<\/td>\n<td>Jakarta<\/td>\n<td>Indon\u00e9sia<\/td>\n<td>Istora Senayan<\/td>\n<\/tr>\n<tr>\n<td>08 de outubro\u00a0de\u00a02012<\/td>\n<td>Bangkok<\/td>\n<td>Tail\u00e2ndia<\/td>\n<td>Impact Arena<\/td>\n<\/tr>\n<tr>\n<th colspan=\"5\" align=\"center\">Oceania<\/th>\n<\/tr>\n<tr>\n<td>12 de outubro\u00a0de\u00a02012<\/td>\n<td>Melbourne<\/td>\n<td>Austr\u00e1lia<\/td>\n<td>Rod Laver Arena<\/td>\n<\/tr>\n<tr>\n<td>13 de outubro\u00a0de\u00a02012<\/td>\n<td>Sydney<\/td>\n<td>Austr\u00e1lia<\/td>\n<td>Sydney Entertainment Centre<\/td>\n<\/tr>\n<tr valign=\"bottom\">\n<th colspan=\"4\">Estados Unidos<\/th>\n<\/tr>\n<tr>\n<td>13 de Fevereiro de 2013<\/td>\n<td>Columbus, OH<\/td>\n<td>Estados Unidos<\/td>\n<td>Schottenstein Center<\/td>\n<\/tr>\n<tr>\n<td>14 de Fevereiro de 2013<\/td>\n<td>Detroit, MI<\/td>\n<td>Estados Unidos<\/td>\n<td>Palace of Auburn Hills<\/td>\n<\/tr>\n<tr>\n<td>16 de Fevereiro de 2013<\/td>\n<td>New York, NY<\/td>\n<td>Estados Unidos<\/td>\n<td>Madison Square Garden<\/td>\n<\/tr>\n<tr>\n<td>17 de Fevereiro de 2013<\/td>\n<td>Manchester, NH<\/td>\n<td>Estados Unidos<\/td>\n<td>Verizon Wireless Arena<\/td>\n<\/tr>\n<tr>\n<td>19 de Fevereiro de 2013<\/td>\n<td>Toronto, ONT<\/td>\n<td>Canad\u00e1<\/td>\n<td>Air Canada Centre<\/td>\n<\/tr>\n<tr>\n<td>20 de Fevereiro de 2013<\/td>\n<td>Montreal, QUE<\/td>\n<td>Canad\u00e1<\/td>\n<td>Bell Centre<\/td>\n<\/tr>\n<tr>\n<td>22 de Fevereiro de 2013<\/td>\n<td>Uncasville, CT<\/td>\n<td>Estados Unidos<\/td>\n<td>Mohegan Sun Arena<\/td>\n<\/tr>\n<tr>\n<td>23 de Fevereiro de 2013<\/td>\n<td>E. Rutherford, NJ<\/td>\n<td>Estados Unidos<\/td>\n<td>Izod Arena<\/td>\n<\/tr>\n<tr>\n<td>25 de Fevereiro de 2013<\/td>\n<td>Grand Rapids, MI<\/td>\n<td>Estados Unidos<\/td>\n<td>Van Andel Arena<\/td>\n<\/tr>\n<tr>\n<td>27 de Fevereiro de 2013<\/td>\n<td>Kansas City, MO<\/td>\n<td>Estados Unidos<\/td>\n<td>Sprint Center<\/td>\n<\/tr>\n<tr>\n<td>01 de mar\u00e7o de 2013<\/td>\n<td>Moline, IL<\/td>\n<td>Estados Unidos<\/td>\n<td>I Wireless Arena<\/td>\n<\/tr>\n<tr>\n<td>03 de mar\u00e7o de 2013<\/td>\n<td>Omaha, NE<\/td>\n<td>Estados Unidos<\/td>\n<td>Century Link Center<\/td>\n<\/tr>\n<tr>\n<td>04 de mar\u00e7o de 2013<\/td>\n<td>St. Paul, MN<\/td>\n<td>Estados Unidos<\/td>\n<td>Xcel Energy Center<\/td>\n<\/tr>\n<tr>\n<td>07 de mar\u00e7o de 2013<\/td>\n<td>Calgary. AB<\/td>\n<td>Estados Unidos<\/td>\n<td>Saddledome<\/td>\n<\/tr>\n<tr>\n<td>09 de mar\u00e7o de 2013<\/td>\n<td>Vancouver, BC<\/td>\n<td>Estados Unidos<\/td>\n<td>Rogers Arena<\/td>\n<\/tr>\n<tr>\n<td>11 de mar\u00e7o de 2013<\/td>\n<td>Seattle, WA<\/td>\n<td>Estados Unidos<\/td>\n<td>Key Arena<\/td>\n<\/tr>\n<tr>\n<td>13 de mar\u00e7o de 2013<\/td>\n<td>San Jose, CA<\/td>\n<td>Estados Unidos<\/td>\n<td>HP Pavilion<\/td>\n<\/tr>\n<tr>\n<td>15 de mar\u00e7o de 2013<\/td>\n<td>Los Angeles, CA<\/td>\n<td>Estados Unidos<\/td>\n<td>Staples Arena<\/td>\n<\/tr>\n<tr>\n<td>16 de mar\u00e7o de 2013<\/td>\n<td>Las Vegas, NV<\/td>\n<td>Estados Unidos<\/td>\n<td>Mandalay Bay Arena<\/td>\n<\/tr>\n<tr>\n<td>19 de mar\u00e7o de 2013<\/td>\n<td>Houston, TX<\/td>\n<td>Estados Unidos<\/td>\n<td>Toyota Center<\/td>\n<\/tr>\n<tr>\n<td>21 de mar\u00e7o de 2013<\/td>\n<td>Dallas, TX<\/td>\n<td>Estados Unidos<\/td>\n<td>American Airlines Arena<\/td>\n<\/tr>\n<tr>\n<td>22 de mar\u00e7o de 2013<\/td>\n<td>Tulsa, OK<\/td>\n<td>Estados Unidos<\/td>\n<td>BOK Center<\/td>\n<\/tr>\n<tr>\n<td>24 de mar\u00e7o de 2013<\/td>\n<td>Nashville, TN<\/td>\n<td>Estados Unidos<\/td>\n<td>Bridgestone Arena<\/td>\n<\/tr>\n<tr>\n<td>26 de mar\u00e7o de 2013<\/td>\n<td>Birmingham, AL<\/td>\n<td>Estados Unidos<\/td>\n<td>BJCC Arena<\/td>\n<\/tr>\n<tr>\n<td>27 de mar\u00e7o de 2013<\/td>\n<td>Atlanta, GA<\/td>\n<td>Estados Unidos<\/td>\n<td>Phillips Arena<\/td>\n<\/tr>\n<tr>\n<td>29 de mar\u00e7o de 2013<\/td>\n<td>Ft. Lauderdale, FL<\/td>\n<td>Estados Unidos<\/td>\n<td>BankAtlantic Center<\/td>\n<\/tr>\n<tr>\n<td>30 de mar\u00e7o de 2013<\/td>\n<td>Orlando, FL<\/td>\n<td>Estados Unidos<\/td>\n<td>Amway Center<\/td>\n<\/tr>\n<tr>\n<td>01 de Abril de 2013<\/td>\n<td>Jacksonville, FL<\/td>\n<td>Estados Unidos<\/td>\n<td>Veterans Memorial Arena<\/td>\n<\/tr>\n<tr>\n<td>02 de Abril de 2013<\/td>\n<td>Washington, DC<\/td>\n<td>Estados Unidos<\/td>\n<td>Verizon Arena<\/td>\n<\/tr>\n<tr>\n<td>04 de Abril de 2013<\/td>\n<td>Philadelphia, PA<\/td>\n<td>Estados Unidos<\/td>\n<td>Wells Fargo Center<\/td>\n<\/tr>\n<tr>\n<td>06 de Abril de 2013<\/td>\n<td>Rosemont, IL<\/td>\n<td>Estados Unidos<\/td>\n<td>Allstate Arena<\/td>\n<\/tr>\n<tr>\n<th colspan=\"5\" align=\"center\">Europa<\/th>\n<\/tr>\n<tr>\n<td>22 de Junho de 2013<\/td>\n<td>Birmingham<\/td>\n<td>Reino Unido<\/td>\n<td>LG Arena<\/td>\n<\/tr>\n<tr>\n<td>23 de Junho de 2013<\/td>\n<td>Londres<\/td>\n<td>Reino Unido<\/td>\n<td>O2 Arena<\/td>\n<\/tr>\n<tr>\n<td>24 de Junho de 2013<\/td>\n<td>Londres<\/td>\n<td>Reino Unido<\/td>\n<td>O2 Arena<\/td>\n<\/tr>\n<tr>\n<td>26 de Junho de 2013<\/td>\n<td>Manchester<\/td>\n<td>Reino Unido<\/td>\n<td>Manchester Arena<\/td>\n<\/tr>\n<tr>\n<td>27 de Junho de 2013<\/td>\n<td>Glasgow<\/td>\n<td>Reino Unido<\/td>\n<td>Braehead Arena<\/td>\n<\/tr>\n<tr>\n<td>29 de Junho de 2013<\/td>\n<td>Dublin<\/td>\n<td>Irlanda<\/td>\n<td>O2 Arena<\/td>\n<\/tr>\n<tr>\n<td>02 de Julho de 2013<\/td>\n<td>Paris<\/td>\n<td>Fran\u00e7a<\/td>\n<td>Bercy<\/td>\n<\/tr>\n<tr>\n<td>03 de Julho de 2013<\/td>\n<td>Amsterdam<\/td>\n<td>Holanda<\/td>\n<td>Ziggo Dome<\/td>\n<\/tr>\n<\/tbody>\n<\/table>\n","protected":false},"excerpt":{"rendered":"<p>A turn\u00ea Em 2012 o Maroon 5 lan\u00e7ou seu quarto \u00e1lbum de est\u00fadio, Overexposed, e com ele a banda d\u00e1 in\u00edcio \u00e0 sua quarta turn\u00ea mundial (e a d\u00e9cima da carreira). \u00a0Devido \u00e0 conflitos na agenda gerados pelas grava\u00e7\u00f5es da terceira temporada do The Voice, a banda decidiu come\u00e7ar a nova temporada de shows pela [&hellip;]<\/p>\n","protected":false},"author":1,"featured_media":13058,"parent":9750,"menu_order":9,"comment_status":"open","ping_status":"closed","template":"","meta":{"_themeisle_gutenberg_block_has_review":false,"footnotes":""},"class_list":["post-9774","page","type-page","status-publish","has-post-thumbnail","hentry"],"_links":{"self":[{"href":"https:\/\/www.maroon5br.com\/site\/wp-json\/wp\/v2\/pages\/9774","targetHints":{"allow":["GET"]}}],"collection":[{"href":"https:\/\/www.maroon5br.com\/site\/wp-json\/wp\/v2\/pages"}],"about":[{"href":"https:\/\/www.maroon5br.com\/site\/wp-json\/wp\/v2\/types\/page"}],"author":[{"embeddable":true,"href":"https:\/\/www.maroon5br.com\/site\/wp-json\/wp\/v2\/users\/1"}],"replies":[{"embeddable":true,"href":"https:\/\/www.maroon5br.com\/site\/wp-json\/wp\/v2\/comments?post=9774"}],"version-history":[{"count":22,"href":"https:\/\/www.maroon5br.com\/site\/wp-json\/wp\/v2\/pages\/9774\/revisions"}],"predecessor-version":[{"id":22435,"href":"https:\/\/www.maroon5br.com\/site\/wp-json\/wp\/v2\/pages\/9774\/revisions\/22435"}],"up":[{"embeddable":true,"href":"https:\/\/www.maroon5br.com\/site\/wp-json\/wp\/v2\/pages\/9750"}],"wp:featuredmedia":[{"embeddable":true,"href":"https:\/\/www.maroon5br.com\/site\/wp-json\/wp\/v2\/media\/13058"}],"wp:attachment":[{"href":"https:\/\/www.maroon5br.com\/site\/wp-json\/wp\/v2\/media?parent=9774"}],"curies":[{"name":"wp","href":"https:\/\/api.w.org\/{rel}","templated":true}]}}